{"id":4917,"date":"2025-09-08T10:11:39","date_gmt":"2025-09-08T03:11:39","guid":{"rendered":"https:\/\/gpsgarmin.vn\/?post_type=product&#038;p=4917"},"modified":"2025-09-25T09:38:08","modified_gmt":"2025-09-25T02:38:08","slug":"garmin-gpsmap-h1","status":"publish","type":"product","link":"https:\/\/gpsgarmin.vn\/?product=garmin-gpsmap-h1","title":{"rendered":"Garmin GPSMAP H1"},"content":{"rendered":"<h3>GPSMAP H1 &#8211; Thi\u1ebft B\u1ecb \u0110\u1ecbnh V\u1ecb C\u1ea7m Tay Cao C\u1ea5p T\u1eeb Garmin<\/h3>\n<p>GPSMAP H1 l\u00e0 thi\u1ebft b\u1ecb \u0111\u1ecbnh v\u1ecb GPS c\u1ea7m tay cao c\u1ea5p m\u1edbi nh\u1ea5t t\u1eeb Garmin, \u0111\u01b0\u1ee3c thi\u1ebft k\u1ebf d\u00e0nh cho nh\u1eefng nh\u00e0 th\u00e1m hi\u1ec3m, ng\u01b0\u1eddi \u0111i b\u1ed9 \u0111\u01b0\u1eddng d\u00e0i, leo n\u00fai v\u00e0 c\u00e1c ho\u1ea1t \u0111\u1ed9ng ngo\u00e0i tr\u1eddi \u0111\u00f2i h\u1ecfi \u0111\u1ed9 ch\u00ednh x\u00e1c v\u00e0 \u0111\u1ed9 tin c\u1eady cao. V\u1edbi s\u1ef1 k\u1ebft h\u1ee3p ho\u00e0n h\u1ea3o gi\u1eefa c\u00f4ng ngh\u1ec7 \u0111\u1ecbnh v\u1ecb ti\u00ean ti\u1ebfn, b\u1ea3n \u0111\u1ed3 chi ti\u1ebft v\u00e0 thi\u1ebft k\u1ebf b\u1ec1n b\u1ec9, GPSMAP H1 mang \u0111\u1ebfn tr\u1ea3i nghi\u1ec7m \u0111i\u1ec1u h\u01b0\u1edbng v\u01b0\u1ee3t tr\u1ed9i, gi\u00fap b\u1ea1n kh\u00e1m ph\u00e1 th\u1ebf gi\u1edbi m\u00e0 kh\u00f4ng lo l\u1ea1c l\u1ed1i. S\u1ea3n ph\u1ea9m n\u00e0y n\u1ed5i b\u1eadt v\u1edbi m\u00e0n h\u00ecnh c\u1ea3m \u1ee9ng m\u00e0u s\u1eafc n\u00e9t, b\u1ea3n \u0111\u1ed3 TopoActive \u0111\u01b0\u1ee3c t\u1ea3i s\u1eb5n v\u00e0 th\u1eddi l\u01b0\u1ee3ng pin \u1ea5n t\u01b0\u1ee3ng, ph\u00f9 h\u1ee3p cho c\u1ea3 nh\u1eefng chuy\u1ebfn \u0111i d\u00e0i ng\u00e0y.<\/p>\n<p><img fetchpriority=\"high\" decoding=\"async\" class=\"\" src=\"https:\/\/res.garmin.com\/en\/products\/010-02920-00\/g\/EMEA-71726-2-PHYSICAL-BUTTONS.jpg\" width=\"390\" height=\"439\" \/><img decoding=\"async\" class=\"\" src=\"https:\/\/res.garmin.com\/en\/products\/010-02920-00\/g\/EMEA-71726-3-ADVANCED-NAVIGATION.jpg\" width=\"390\" height=\"439\" \/><img decoding=\"async\" class=\"\" src=\"https:\/\/res.garmin.com\/en\/products\/010-02920-00\/g\/EMEA-71726-4-SATELLITE-IMAGERY.jpg\" width=\"390\" height=\"439\" \/><\/p>\n<h4>Thi\u1ebft K\u1ebf V\u00e0 M\u00e0n H\u00ecnh<\/h4>\n<p>GPSMAP H1 s\u1edf h\u1eefu thi\u1ebft k\u1ebf lai (hybrid) th\u00f4ng minh, k\u1ebft h\u1ee3p m\u00e0n h\u00ecnh c\u1ea3m \u1ee9ng m\u00e0u 3.5 inch (\u0111\u01b0\u1eddng ch\u00e9o 8.9 cm) v\u1edbi c\u00e1c n\u00fat b\u1ea5m v\u1eadt l\u00fd, mang l\u1ea1i s\u1ef1 linh ho\u1ea1t t\u1ed1i \u01b0u trong m\u1ecdi \u0111i\u1ec1u ki\u1ec7n s\u1eed d\u1ee5ng. M\u00e0n h\u00ecnh c\u00f3 \u0111\u1ed9 ph\u00e2n gi\u1ea3i 282 x 470 pixel, k\u00edch th\u01b0\u1edbc v\u1eadt l\u00fd 1.9 inch r\u1ed9ng x 3.0 inch cao (4.7 x 7.7 cm), v\u00e0 \u0111\u01b0\u1ee3c t\u1ed1i \u01b0u h\u00f3a \u0111\u1ec3 \u0111\u1ecdc r\u00f5 d\u01b0\u1edbi \u00e1nh n\u1eafng m\u1eb7t tr\u1eddi (sunlight-readable), gi\u00fap b\u1ea1n d\u1ec5 d\u00e0ng thao t\u00e1c ngay c\u1ea3 trong m\u00f4i tr\u01b0\u1eddng kh\u1eafc nghi\u1ec7t. Thi\u1ebft b\u1ecb c\u00f3 c\u1ea5u tr\u00fac ch\u1eafc ch\u1eafn, ch\u1ed1ng ch\u1ecbu th\u1eddi ti\u1ebft, v\u1edbi anten GNSS t\u00edch h\u1ee3p \u0111\u1ec3 nh\u1eadn t\u00edn hi\u1ec7u t\u1eeb t\u1ea5t c\u1ea3 c\u00e1c h\u1ec7 th\u1ed1ng v\u1ec7 tinh, \u0111\u1ea3m b\u1ea3o \u0111\u1ecbnh v\u1ecb ch\u00ednh x\u00e1c \u1edf m\u1ecdi \u0111\u1ecba h\u00ecnh<\/p>\n<h4>B\u1ea3n \u0110\u1ed3 V\u00e0 T\u00ednh N\u0103ng \u0110\u1ecbnh V\u1ecb<\/h4>\n<p>M\u1ed9t trong nh\u1eefng \u0111i\u1ec3m m\u1ea1nh nh\u1ea5t c\u1ee7a GPSMAP H1 l\u00e0 h\u1ec7 th\u1ed1ng b\u1ea3n \u0111\u1ed3 phong ph\u00fa. Thi\u1ebft b\u1ecb \u0111\u01b0\u1ee3c t\u1ea3i s\u1eb5n b\u1ea3n \u0111\u1ed3 TopoActive chi ti\u1ebft, bao ph\u1ee7 to\u00e0n c\u1ea7u (worldwide) v\u00e0 khu v\u1ef1c B\u1eafc M\u1ef9 (North America), c\u00f9ng v\u1edbi h\u00ecnh \u1ea3nh v\u1ec7 tinh \u0111\u1ed9 ph\u00e2n gi\u1ea3i cao \u0111\u1ec3 cung c\u1ea5p c\u00e1i nh\u00ecn tr\u1ef1c quan v\u1ec1 \u0111\u1ecba h\u00ecnh. B\u1ea1n c\u00f3 th\u1ec3 l\u01b0u tr\u1eef l\u00ean \u0111\u1ebfn 15.000 \u0111i\u1ec3m waypoints, h\u1ed7 tr\u1ee3 chia s\u1ebb b\u1ea3n \u0111\u1ed3 (map sharing) v\u00e0 ch\u1ebf \u0111\u1ed9 geocaching chuy\u00ean d\u1ee5ng cho nh\u1eefng ai y\u00eau th\u00edch s\u0103n t\u00ecm kho b\u00e1u. GPSMAP H1 h\u1ed7 tr\u1ee3 \u0111\u1ecbnh v\u1ecb \u0111a v\u1ec7 tinh (All Satellite Systems), gi\u00fap theo d\u00f5i v\u1ecb tr\u00ed ch\u00ednh x\u00e1c trong r\u1eebng r\u1eadm, n\u00fai cao ho\u1eb7c khu v\u1ef1c \u0111\u00f4 th\u1ecb ph\u1ee9c t\u1ea1p. Ngo\u00e0i ra, thi\u1ebft b\u1ecb c\u00f2n t\u00edch h\u1ee3p c\u00e1c t\u00ednh n\u0103ng an to\u00e0n nh\u01b0 theo d\u00f5i v\u1ecb tr\u00ed th\u1eddi gian th\u1ef1c v\u00e0 chia s\u1ebb v\u1ecb tr\u00ed v\u1edbi b\u1ea1n b\u00e8 qua k\u1ebft n\u1ed1i Bluetooth.<\/p>\n<h4>Th\u1eddi L\u01b0\u1ee3ng Pin V\u00e0 Ngu\u1ed3n N\u0103ng L\u01b0\u1ee3ng<\/h4>\n<p>GPSMAP H1 \u0111\u01b0\u1ee3c trang b\u1ecb pin lithium-ion s\u1ea1c l\u1ea1i b\u00ean trong, mang \u0111\u1ebfn th\u1eddi l\u01b0\u1ee3ng s\u1eed d\u1ee5ng l\u00ean \u0111\u1ebfn 145 gi\u1edd \u1edf ch\u1ebf \u0111\u1ed9 \u0111a GNSS (Multi-GNSS mode), l\u00fd t\u01b0\u1edfng cho c\u00e1c chuy\u1ebfn phi\u00eau l\u01b0u d\u00e0i ng\u00e0y m\u00e0 kh\u00f4ng c\u1ea7n s\u1ea1c th\u01b0\u1eddng xuy\u00ean. Pin c\u00f3 th\u1ec3 s\u1ea1c qua c\u00e1p USB, \u0111\u1ea3m b\u1ea3o t\u00ednh ti\u1ec7n l\u1ee3i khi s\u1eed d\u1ee5ng ngo\u00e0i tr\u1eddi.<\/p>\n<h4>K\u1ebft N\u1ed1i V\u00e0 T\u00ednh N\u0103ng Th\u00f4ng Minh<\/h4>\n<p>V\u1edbi Bluetooth t\u00edch h\u1ee3p, GPSMAP H1 d\u1ec5 d\u00e0ng k\u1ebft n\u1ed1i v\u1edbi \u0111i\u1ec7n tho\u1ea1i th\u00f4ng minh ho\u1eb7c c\u00e1c thi\u1ebft b\u1ecb Garmin kh\u00e1c, cho ph\u00e9p nh\u1eadn th\u00f4ng b\u00e1o, \u0111\u1ed3ng b\u1ed9 d\u1eef li\u1ec7u v\u00e0 s\u1eed d\u1ee5ng \u1ee9ng d\u1ee5ng Garmin Explore \u0111\u1ec3 l\u1eadp k\u1ebf ho\u1ea1ch l\u1ed9 tr\u00ecnh. Thi\u1ebft b\u1ecb h\u1ed7 tr\u1ee3 chia s\u1ebb b\u1ea3n \u0111\u1ed3 v\u00e0 d\u1eef li\u1ec7u th\u1eddi gian th\u1ef1c, gi\u00fap nh\u00f3m ng\u01b0\u1eddi d\u00f9ng ph\u1ed1i h\u1ee3p hi\u1ec7u qu\u1ea3. \u0110\u1ed1i v\u1edbi phi\u00ean b\u1ea3n n\u00e2ng cao GPSMAP H1i Plus (m\u1ed9t bi\u1ebfn th\u1ec3 c\u1ee7a d\u00f2ng H1), c\u00f2n c\u00f3 th\u00eam c\u00f4ng ngh\u1ec7 inReach Plus cho li\u00ean l\u1ea1c v\u1ec7 tinh hai chi\u1ec1u, camera v\u00e0 micro \u0111\u1ec3 ghi \u00e2m ghi h\u00ecnh, c\u0169ng nh\u01b0 khe c\u1eafm microSD \u0111\u1ec3 m\u1edf r\u1ed9ng b\u1ed9 nh\u1edb. Tuy nhi\u00ean, phi\u00ean b\u1ea3n H1 ti\u00eau chu\u1ea9n t\u1eadp trung v\u00e0o \u0111\u1ecbnh v\u1ecb c\u1ed1t l\u00f5i v\u1edbi hi\u1ec7u su\u1ea5t cao.<\/p>\n<h4>C\u00e1c T\u00ednh N\u0103ng N\u1ed5i B\u1eadt Kh\u00e1c<\/h4>\n<ul>\n<li>Ch\u1ebf \u0110\u1ed9 An To\u00e0n: H\u1ed7 tr\u1ee3 g\u1eedi v\u1ecb tr\u00ed kh\u1ea9n c\u1ea5p v\u00e0 theo d\u00f5i s\u1ee9c kh\u1ecfe c\u01a1 b\u1ea3n qua c\u1ea3m bi\u1ebfn t\u00edch h\u1ee3p.<\/li>\n<li>T\u00f9y Ch\u1ec9nh V\u00e0 M\u1edf R\u1ed9ng: H\u1ed7 tr\u1ee3 t\u1ea3i th\u00eam b\u1ea3n \u0111\u1ed3, theo d\u00f5i l\u1ed9 tr\u00ecnh v\u00e0 ph\u00e2n t\u00edch d\u1eef li\u1ec7u h\u00e0nh tr\u00ecnh.<\/li>\n<li>B\u1ec1n B\u1ec9 Cho Ngo\u00e0i Tr\u1eddi: Thi\u1ebft b\u1ecb ch\u1ed1ng n\u01b0\u1edbc, ch\u1ed1ng s\u1ed1c, ph\u00f9 h\u1ee3p v\u1edbi c\u00e1c ho\u1ea1t \u0111\u1ed9ng nh\u01b0 hiking, hunting, boating v\u00e0 off-roading.<\/li>\n<li>Ph\u1ea7n M\u1ec1m H\u1ed7 Tr\u1ee3: T\u00edch h\u1ee3p Garmin Messenger cho giao ti\u1ebfp, v\u00e0 c\u00e1c c\u00f4ng c\u1ee5 l\u1eadp k\u1ebf ho\u1ea1ch chuy\u1ebfn \u0111i tr\u1ef1c quan.<\/li>\n<\/ul>\n<p>GPSMAP H1 kh\u00f4ng ch\u1ec9 l\u00e0 m\u1ed9t thi\u1ebft b\u1ecb \u0111\u1ecbnh v\u1ecb m\u00e0 c\u00f2n l\u00e0 ng\u01b0\u1eddi b\u1ea1n \u0111\u1ed3ng h\u00e0nh \u0111\u00e1ng tin c\u1eady cho m\u1ecdi cu\u1ed9c phi\u00eau l\u01b0u. V\u1edbi gi\u00e1 tr\u1ecb v\u01b0\u1ee3t tr\u1ed9i v\u1ec1 t\u00ednh n\u0103ng v\u00e0 \u0111\u1ed9 b\u1ec1n, s\u1ea3n ph\u1ea9m n\u00e0y x\u1ee9ng \u0111\u00e1ng l\u00e0 l\u1ef1a ch\u1ecdn h\u00e0ng \u0111\u1ea7u cho nh\u1eefng ai \u0111am m\u00ea kh\u00e1m ph\u00e1. \u0110\u1ec3 bi\u1ebft th\u00eam chi ti\u1ebft, b\u1ea1n c\u00f3 th\u1ec3 tham kh\u1ea3o trang ch\u00ednh th\u1ee9c c\u1ee7a Garmin.<\/p>\n","protected":false},"excerpt":{"rendered":"<p><strong>\u00bb\u00a0B\u1ea2O H\u00c0NH CH\u00cdNH H\u00c3NG 2 N\u0102M \u00ab<\/strong><\/p>\n<p><strong>\u260e Li\u00ean h\u1ec7 t\u01b0 v\u1ea5n : 0972 658 351 \u2013\u00a0 0962 846 820 (g\u1ecdi tr\u1ef1c ti\u1ebfp ho\u1eb7c Zalo).<\/strong><\/p>\n","protected":false},"featured_media":4918,"comment_status":"open","ping_status":"closed","template":"","meta":[],"product_cat":[27],"product_tag":[],"class_list":{"0":"post-4917","1":"product","2":"type-product","3":"status-publish","4":"has-post-thumbnail","6":"product_cat-gps-cam-tay","8":"first","9":"instock","10":"shipping-taxable","11":"purchasable","12":"product-type-simple"},"_links":{"self":[{"href":"https:\/\/gpsgarmin.vn\/index.php?rest_route=\/wp\/v2\/product\/4917","targetHints":{"allow":["GET"]}}],"collection":[{"href":"https:\/\/gpsgarmin.vn\/index.php?rest_route=\/wp\/v2\/product"}],"about":[{"href":"https:\/\/gpsgarmin.vn\/index.php?rest_route=\/wp\/v2\/types\/product"}],"replies":[{"embeddable":true,"href":"https:\/\/gpsgarmin.vn\/index.php?rest_route=%2Fwp%2Fv2%2Fcomments&post=4917"}],"version-history":[{"count":6,"href":"https:\/\/gpsgarmin.vn\/index.php?rest_route=\/wp\/v2\/product\/4917\/revisions"}],"predecessor-version":[{"id":5245,"href":"https:\/\/gpsgarmin.vn\/index.php?rest_route=\/wp\/v2\/product\/4917\/revisions\/5245"}],"wp:featuredmedia":[{"embeddable":true,"href":"https:\/\/gpsgarmin.vn\/index.php?rest_route=\/wp\/v2\/media\/4918"}],"wp:attachment":[{"href":"https:\/\/gpsgarmin.vn\/index.php?rest_route=%2Fwp%2Fv2%2Fmedia&parent=4917"}],"wp:term":[{"taxonomy":"product_cat","embeddable":true,"href":"https:\/\/gpsgarmin.vn\/index.php?rest_route=%2Fwp%2Fv2%2Fproduct_cat&post=4917"},{"taxonomy":"product_tag","embeddable":true,"href":"https:\/\/gpsgarmin.vn\/index.php?rest_route=%2Fwp%2Fv2%2Fproduct_tag&post=4917"}],"curies":[{"name":"wp","href":"https:\/\/api.w.org\/{rel}","templated":true}]}}