{"id":4570,"date":"2025-06-24T17:06:32","date_gmt":"2025-06-24T10:06:32","guid":{"rendered":"https:\/\/gpsgarmin.vn\/?post_type=product&#038;p=4570"},"modified":"2025-09-25T10:15:50","modified_gmt":"2025-09-25T03:15:50","slug":"garmin-forerunner-970","status":"publish","type":"product","link":"https:\/\/gpsgarmin.vn\/?product=garmin-forerunner-970","title":{"rendered":"Garmin Forerunner 970"},"content":{"rendered":"<h3 data-sourcepos=\"3:1-3:88\"><strong>Garmin <a href=\"https:\/\/gpsgarmin.vn\/?product=garmin-forerunner-970\">Forerunner 970<\/a> &#8211; Chinh Ph\u1ee5c M\u1ecdi Gi\u1edbi H\u1ea1n, T\u1ed1i \u01afu Hi\u1ec7u Su\u1ea5t<\/strong><\/h3>\n<p data-sourcepos=\"5:1-5:445\">Ch\u00e0o m\u1eebng b\u1ea1n \u0111\u1ebfn v\u1edbi Garmin <a href=\"https:\/\/gpsgarmin.vn\/?product=garmin-forerunner-970\">Forerunner 970<\/a> \u2013 chi\u1ebfc \u0111\u1ed3ng h\u1ed3 th\u00f4ng minh GPS chuy\u00ean d\u1ee5ng, \u0111\u01b0\u1ee3c thi\u1ebft k\u1ebf d\u00e0nh ri\u00eang cho c\u00e1c v\u1eadn \u0111\u1ed9ng vi\u00ean ch\u1ea1y b\u1ed9, ba m\u00f4n ph\u1ed1i h\u1ee3p v\u00e0 nh\u1eefng ai \u0111am m\u00ea luy\u1ec7n t\u1eadp chuy\u00ean s\u00e2u. <a href=\"https:\/\/gpsgarmin.vn\/?product=garmin-forerunner-970\">Forerunner 970<\/a> kh\u00f4ng ch\u1ec9 l\u00e0 m\u1ed9t chi\u1ebfc \u0111\u1ed3ng h\u1ed3, m\u00e0 l\u00e0 m\u1ed9t hu\u1ea5n luy\u1ec7n vi\u00ean c\u00e1 nh\u00e2n tr\u00ean c\u1ed5 tay b\u1ea1n, cung c\u1ea5p d\u1eef li\u1ec7u ch\u00ednh x\u00e1c, ph\u00e2n t\u00edch chuy\u00ean s\u00e2u v\u00e0 c\u00e1c c\u00f4ng c\u1ee5 h\u1ed7 tr\u1ee3 to\u00e0n di\u1ec7n \u0111\u1ec3 b\u1ea1n \u0111\u1ea1t \u0111\u01b0\u1ee3c m\u1ee5c ti\u00eau, ph\u00e1 v\u1ee1 k\u1ef7 l\u1ee5c v\u00e0 v\u01b0\u1ee3t qua m\u1ecdi gi\u1edbi h\u1ea1n.<\/p>\n<p data-sourcepos=\"5:1-5:445\"><img fetchpriority=\"high\" decoding=\"async\" class=\"\" src=\"https:\/\/res.garmin.com\/vi_VN\/products\/010-02969-60\/g\/74280-970-2.jpg\" width=\"391\" height=\"440\" \/><img decoding=\"async\" class=\"\" src=\"https:\/\/res.garmin.com\/vi_VN\/products\/010-02969-60\/g\/74280-970-3.jpg\" width=\"390\" height=\"439\" \/><img decoding=\"async\" class=\"\" src=\"https:\/\/res.garmin.com\/vi_VN\/products\/010-02969-60\/g\/74280-970-6.jpg\" width=\"391\" height=\"440\" \/><\/p>\n<h4 data-sourcepos=\"9:1-9:62\"><strong>M\u00e0n H\u00ecnh AMOLED S\u1eafc N\u00e9t &#8211; Hi\u1ec3n Th\u1ecb R\u00f5 R\u00e0ng M\u1ecdi D\u1eef Li\u1ec7u<\/strong><\/h4>\n<ul data-sourcepos=\"11:1-13:0\">\n<li data-sourcepos=\"11:1-11:316\"><strong>Tr\u1ea3i Nghi\u1ec7m H\u00ecnh \u1ea2nh Tuy\u1ec7t \u0110\u1ec9nh:<\/strong> <a href=\"https:\/\/gpsgarmin.vn\/?product=garmin-forerunner-970\">Forerunner 970<\/a> \u0111\u01b0\u1ee3c trang b\u1ecb m\u00e0n h\u00ecnh AMOLED r\u1ef1c r\u1ee1, mang \u0111\u1ebfn m\u00e0u s\u1eafc s\u1ed1ng \u0111\u1ed9ng, \u0111\u1ed9 t\u01b0\u01a1ng ph\u1ea3n cao v\u00e0 \u0111\u1ed9 s\u1eafc n\u00e9t v\u01b0\u1ee3t tr\u1ed9i. M\u1ecdi th\u00f4ng s\u1ed1 t\u1eadp luy\u1ec7n, b\u1ea3n \u0111\u1ed3, hay th\u00f4ng b\u00e1o \u0111\u1ec1u hi\u1ec3n th\u1ecb r\u00f5 r\u00e0ng, gi\u00fap b\u1ea1n d\u1ec5 d\u00e0ng theo d\u00f5i ngay c\u1ea3 khi \u0111ang di chuy\u1ec3n nhanh hay d\u01b0\u1edbi \u00e1nh n\u1eafng gay g\u1eaft.<\/li>\n<li data-sourcepos=\"12:1-13:0\"><strong>Giao Di\u1ec7n Tr\u1ef1c Quan:<\/strong> Thi\u1ebft k\u1ebf giao di\u1ec7n th\u00e2n thi\u1ec7n, d\u1ec5 \u0111\u1ecdc gi\u00fap b\u1ea1n nhanh ch\u00f3ng n\u1eafm b\u1eaft th\u00f4ng tin quan tr\u1ecdng nh\u1ea5t ch\u1ec9 v\u1edbi m\u1ed9t c\u00e1i li\u1ebfc m\u1eaft.<\/li>\n<\/ul>\n<h4 data-sourcepos=\"16:1-16:61\"><strong>T\u00ednh N\u0103ng Hu\u1ea5n Luy\u1ec7n Chuy\u00ean S\u00e2u &#8211; N\u00e2ng Cao Th\u00e0nh T\u00edch<\/strong><\/h4>\n<ul data-sourcepos=\"18:1-24:0\">\n<li data-sourcepos=\"18:1-18:185\"><strong>\u0110\u1ec1 Xu\u1ea5t B\u00e0i T\u1eadp H\u00e0ng Ng\u00e0y:<\/strong> Nh\u1eadn c\u00e1c g\u1ee3i \u00fd b\u00e0i t\u1eadp ch\u1ea1y b\u1ed9 v\u00e0 \u0111\u1ea1p xe t\u00f9y ch\u1ec9nh d\u1ef1a tr\u00ean t\u00ecnh tr\u1ea1ng ph\u1ee5c h\u1ed3i, m\u1ee9c \u0111\u1ed9 th\u1ec3 ch\u1ea5t v\u00e0 th\u1eadm ch\u00ed l\u00e0 c\u00e1c cu\u1ed9c \u0111ua s\u1eafp t\u1edbi trong l\u1ecbch c\u1ee7a b\u1ea1n.<\/li>\n<li data-sourcepos=\"19:1-19:129\"><strong>Tr\u1ea1ng Th\u00e1i Luy\u1ec7n T\u1eadp:<\/strong> Theo d\u00f5i tr\u1ea1ng th\u00e1i luy\u1ec7n t\u1eadp c\u1ee7a b\u1ea1n \u0111\u1ec3 bi\u1ebft li\u1ec7u b\u1ea1n \u0111ang luy\u1ec7n t\u1eadp hi\u1ec7u qu\u1ea3, \u0111\u1ea1t \u0111\u1ec9nh hay qu\u00e1 s\u1ee9c.<\/li>\n<li data-sourcepos=\"20:1-20:170\"><strong>Tr\u1ea1ng Th\u00e1i Ph\u1ee5c H\u1ed3i:<\/strong> Cung c\u1ea5p th\u00f4ng tin chi ti\u1ebft v\u1ec1 th\u1eddi gian ph\u1ee5c h\u1ed3i c\u1ea7n thi\u1ebft tr\u01b0\u1edbc bu\u1ed5i t\u1eadp n\u1eb7ng ti\u1ebfp theo, d\u1ef1a tr\u00ean c\u01b0\u1eddng \u0111\u1ed9 t\u1eadp luy\u1ec7n, gi\u1ea5c ng\u1ee7 v\u00e0 c\u0103ng th\u1eb3ng.<\/li>\n<li data-sourcepos=\"21:1-21:175\"><strong>Th\u1eddi Gian Ho\u00e0n Th\u00e0nh D\u1ef1 Ki\u1ebfn:<\/strong> \u01af\u1edbc t\u00ednh th\u1eddi gian b\u1ea1n c\u00f3 th\u1ec3 ho\u00e0n th\u00e0nh c\u00e1c cu\u1ed9c \u0111ua marathon, b\u00e1n marathon, 10K ho\u1eb7c 5K, d\u1ef1a tr\u00ean d\u1eef li\u1ec7u t\u1eadp luy\u1ec7n v\u00e0 th\u1ec3 ch\u1ea5t hi\u1ec7n t\u1ea1i.<\/li>\n<li data-sourcepos=\"22:1-22:257\"><strong>\u0110\u1ed9ng L\u1ef1c H\u1ecdc Ch\u1ea1y B\u1ed9:<\/strong> Khi k\u1ebft n\u1ed1i v\u1edbi c\u00e1c ph\u1ee5 ki\u1ec7n t\u01b0\u01a1ng th\u00edch (nh\u01b0 Running Dynamics Pod ho\u1eb7c HRM-Pro), \u0111\u1ed3ng h\u1ed3 s\u1ebd cung c\u1ea5p c\u00e1c ch\u1ec9 s\u1ed1 ch\u1ea1y b\u1ed9 n\u00e2ng cao nh\u01b0 nh\u1ecbp, chi\u1ec1u d\u00e0i s\u1ea3i ch\u00e2n, th\u1eddi gian ti\u1ebfp \u0111\u1ea5t v\u00e0 c\u00e2n b\u1eb1ng ti\u1ebfp \u0111\u1ea5t, gi\u00fap b\u1ea1n c\u1ea3i thi\u1ec7n k\u1ef9 thu\u1eadt.<\/li>\n<li data-sourcepos=\"23:1-24:0\"><strong>\u0110\u1ed3ng B\u1ed9 K\u1ebf Ho\u1ea1ch Luy\u1ec7n T\u1eadp:<\/strong> D\u1ec5 d\u00e0ng \u0111\u1ed3ng b\u1ed9 c\u00e1c k\u1ebf ho\u1ea1ch luy\u1ec7n t\u1eadp t\u1eeb Garmin Connect\u2122 ho\u1eb7c c\u00e1c n\u1ec1n t\u1ea3ng kh\u00e1c nh\u01b0 TrainingPeaks\u00ae v\u00e0 Strava.<\/li>\n<\/ul>\n<h4 data-sourcepos=\"27:1-27:51\"><strong>\u0110\u1ecbnh V\u1ecb Ch\u00ednh X\u00e1c &amp; \u0110i\u1ec1u H\u01b0\u1edbng N\u00e2ng Cao<\/strong><\/h4>\n<ul data-sourcepos=\"29:1-32:0\">\n<li data-sourcepos=\"29:1-29:174\"><strong>GPS \u0110a B\u0103ng T\u1ea7n (Multi-band GPS):<\/strong> H\u1ed7 tr\u1ee3 GPS, GLONASS v\u00e0 Galileo, cho ph\u00e9p \u0111\u1ecbnh v\u1ecb si\u00eau ch\u00ednh x\u00e1c ngay c\u1ea3 trong m\u00f4i tr\u01b0\u1eddng kh\u00f3 kh\u0103n nh\u01b0 th\u00e0nh ph\u1ed1 cao t\u1ea7ng hay r\u1eebng r\u1eadm.<\/li>\n<li data-sourcepos=\"30:1-30:112\"><strong>B\u1ea3n \u0110\u1ed3 T\u00edch H\u1ee3p S\u1eb5n:<\/strong> T\u1ea3i s\u1eb5n b\u1ea3n \u0111\u1ed3 chi ti\u1ebft, gi\u00fap b\u1ea1n d\u1ec5 d\u00e0ng \u0111i\u1ec1u h\u01b0\u1edbng v\u00e0 kh\u00e1m ph\u00e1 c\u00e1c tuy\u1ebfn \u0111\u01b0\u1eddng m\u1edbi.<\/li>\n<li data-sourcepos=\"31:1-32:0\"><strong>T\u00ednh N\u0103ng TracBack\u00ae:<\/strong> H\u01b0\u1edbng d\u1eabn b\u1ea1n quay tr\u1edf l\u1ea1i \u0111i\u1ec3m xu\u1ea5t ph\u00e1t theo c\u00f9ng tuy\u1ebfn \u0111\u01b0\u1eddng \u0111\u00e3 \u0111i, \u0111\u1ea3m b\u1ea3o b\u1ea1n kh\u00f4ng bao gi\u1edd b\u1ecb l\u1ea1c.<\/li>\n<\/ul>\n<h4 data-sourcepos=\"35:1-35:63\"><strong>Theo D\u00f5i S\u1ee9c Kh\u1ecfe To\u00e0n Di\u1ec7n &#8211; N\u1ec1n T\u1ea3ng Cho M\u1ecdi V\u1eadn \u0110\u1ed9ng<\/strong><\/h4>\n<ul data-sourcepos=\"37:1-43:0\">\n<li data-sourcepos=\"37:1-37:133\"><strong>Theo D\u00f5i Nh\u1ecbp Tim T\u1eeb C\u1ed5 Tay:<\/strong> Li\u00ean t\u1ee5c gi\u00e1m s\u00e1t nh\u1ecbp tim, cung c\u1ea5p d\u1eef li\u1ec7u ch\u00ednh x\u00e1c v\u1ec1 c\u01b0\u1eddng \u0111\u1ed9 t\u1eadp luy\u1ec7n v\u00e0 s\u1ee9c kh\u1ecfe tim m\u1ea1ch.<\/li>\n<li data-sourcepos=\"38:1-38:151\"><strong>C\u1ea3m Bi\u1ebfn Pulse Ox:<\/strong> \u0110o n\u1ed3ng \u0111\u1ed9 oxy trong m\u00e1u (SpO2) c\u1ea3 ng\u00e0y ho\u1eb7c trong gi\u1ea5c ng\u1ee7, cung c\u1ea5p th\u00f4ng tin quan tr\u1ecdng v\u1ec1 kh\u1ea3 n\u0103ng h\u1ea5p th\u1ee5 oxy c\u1ee7a c\u01a1 th\u1ec3.<\/li>\n<li data-sourcepos=\"39:1-39:114\"><strong>Body Battery\u2122:<\/strong> \u01af\u1edbc t\u00ednh m\u1ee9c n\u0103ng l\u01b0\u1ee3ng c\u01a1 th\u1ec3, gi\u00fap b\u1ea1n bi\u1ebft khi n\u00e0o n\u00ean ho\u1ea1t \u0111\u1ed9ng v\u00e0 khi n\u00e0o c\u1ea7n ngh\u1ec9 ng\u01a1i.<\/li>\n<li data-sourcepos=\"40:1-40:157\"><strong>Ch\u1ea5m \u0110i\u1ec3m Gi\u1ea5c Ng\u1ee7 &amp; Hu\u1ea5n Luy\u1ec7n Gi\u1ea5c Ng\u1ee7 (Sleep Coach):<\/strong> Ph\u00e2n t\u00edch ch\u1ea5t l\u01b0\u1ee3ng gi\u1ea5c ng\u1ee7 v\u00e0 \u0111\u01b0a ra l\u1eddi khuy\u00ean c\u00e1 nh\u00e2n h\u00f3a \u0111\u1ec3 b\u1ea1n c\u00f3 gi\u1ea5c ng\u1ee7 ngon h\u01a1n.<\/li>\n<li data-sourcepos=\"41:1-41:130\"><strong>Tr\u1ea1ng Th\u00e1i HRV (Bi\u1ebfn Thi\u00ean Nh\u1ecbp Tim):<\/strong> Theo d\u00f5i bi\u1ebfn thi\u00ean nh\u1ecbp tim khi ng\u1ee7 \u0111\u1ec3 \u0111\u00e1nh gi\u00e1 m\u1ee9c \u0111\u1ed9 ph\u1ee5c h\u1ed3i v\u00e0 s\u1ee9c kh\u1ecfe t\u1ed5ng th\u1ec3.<\/li>\n<li data-sourcepos=\"42:1-43:0\"><strong>Theo D\u00f5i S\u1ee9c Kh\u1ecfe Ph\u1ee5 N\u1eef:<\/strong> Ghi l\u1ea1i chu k\u1ef3 kinh nguy\u1ec7t v\u00e0 thai k\u1ef3, h\u1ed7 tr\u1ee3 qu\u1ea3n l\u00fd s\u1ee9c kh\u1ecfe c\u00e1 nh\u00e2n.<\/li>\n<\/ul>\n<h4 data-sourcepos=\"46:1-46:51\"><strong>Ti\u1ec7n \u00cdch Th\u00f4ng Minh &amp; K\u1ebft N\u1ed1i Li\u1ec1n M\u1ea1ch<\/strong><\/h4>\n<ul data-sourcepos=\"48:1-52:0\">\n<li data-sourcepos=\"48:1-48:119\"><strong>Th\u00f4ng B\u00e1o Th\u00f4ng Minh:<\/strong> Nh\u1eadn tin nh\u1eafn, email v\u00e0 c\u00e1c th\u00f4ng b\u00e1o \u1ee9ng d\u1ee5ng ngay tr\u00ean c\u1ed5 tay khi k\u1ebft n\u1ed1i v\u1edbi \u0111i\u1ec7n tho\u1ea1i.<\/li>\n<li data-sourcepos=\"49:1-49:184\"><strong>\u00c2m Nh\u1ea1c Ngay Tr\u00ean C\u1ed5 Tay:<\/strong> T\u1ea3i nh\u1ea1c tr\u1ef1c ti\u1ebfp v\u00e0o \u0111\u1ed3ng h\u1ed3 t\u1eeb c\u00e1c d\u1ecbch v\u1ee5 ph\u00e1t nh\u1ea1c ph\u1ed5 bi\u1ebfn (Spotify, Deezer, Amazon Music) v\u00e0 nghe qua tai nghe kh\u00f4ng d\u00e2y m\u00e0 kh\u00f4ng c\u1ea7n \u0111i\u1ec7n tho\u1ea1i.<\/li>\n<li data-sourcepos=\"50:1-50:103\"><strong>Thanh To\u00e1n Kh\u00f4ng Ti\u1ebfp X\u00fac Garmin Pay\u2122:<\/strong> Thanh to\u00e1n nhanh ch\u00f3ng v\u00e0 an to\u00e0n t\u1ea1i c\u00e1c c\u1eeda h\u00e0ng h\u1ed7 tr\u1ee3.<\/li>\n<li data-sourcepos=\"51:1-52:0\"><strong>T\u00ednh N\u0103ng An To\u00e0n &amp; Theo D\u00f5i:<\/strong> G\u1eedi v\u1ecb tr\u00ed c\u1ee7a b\u1ea1n \u0111\u1ebfn c\u00e1c li\u00ean h\u1ec7 kh\u1ea9n c\u1ea5p n\u1ebfu ph\u00e1t hi\u1ec7n s\u1ef1 c\u1ed1 ho\u1eb7c b\u1ea1n c\u1ea7n h\u1ed7 tr\u1ee3.<\/li>\n<\/ul>\n<h4 data-sourcepos=\"55:1-55:30\"><strong>Th\u1eddi L\u01b0\u1ee3ng Pin M\u1ea1nh M\u1ebd<\/strong><\/h4>\n<ul data-sourcepos=\"57:1-58:0\">\n<li data-sourcepos=\"57:1-58:0\"><strong>S\u1eed D\u1ee5ng L\u00e2u D\u00e0i:<\/strong> Cung c\u1ea5p th\u1eddi l\u01b0\u1ee3ng pin \u1ea5n t\u01b0\u1ee3ng, gi\u00fap b\u1ea1n tho\u1ea3i m\u00e1i luy\u1ec7n t\u1eadp v\u00e0 tham gia c\u00e1c cu\u1ed9c \u0111ua d\u00e0i m\u00e0 kh\u00f4ng lo h\u1ebft pin gi\u1eefa ch\u1eebng.<\/li>\n<\/ul>\n","protected":false},"excerpt":{"rendered":"<p><strong>\u2282\u2329 B\u1ea2O H\u00c0NH CH\u00cdNH H\u00c3NG 2 N\u0102M \u232a\u2283<\/strong><\/p>\n<p><strong>\u260e Li\u00ean h\u1ec7 t\u01b0 v\u1ea5n : 0972 658 351 \u2013\u00a0 0962 846 820 (g\u1ecdi tr\u1ef1c ti\u1ebfp ho\u1eb7c Zalo).<\/strong><\/p>\n","protected":false},"featured_media":4571,"comment_status":"open","ping_status":"closed","template":"","meta":[],"product_cat":[40,46,47],"product_tag":[],"class_list":{"0":"post-4570","1":"product","2":"type-product","3":"status-publish","4":"has-post-thumbnail","6":"product_cat-dong-ho-thong-minh","7":"product_cat-forerunner","8":"product_cat-the-thao-va-suc-khoe","10":"first","11":"instock","12":"sale","13":"shipping-taxable","14":"purchasable","15":"product-type-variable"},"_links":{"self":[{"href":"https:\/\/gpsgarmin.vn\/index.php?rest_route=\/wp\/v2\/product\/4570","targetHints":{"allow":["GET"]}}],"collection":[{"href":"https:\/\/gpsgarmin.vn\/index.php?rest_route=\/wp\/v2\/product"}],"about":[{"href":"https:\/\/gpsgarmin.vn\/index.php?rest_route=\/wp\/v2\/types\/product"}],"replies":[{"embeddable":true,"href":"https:\/\/gpsgarmin.vn\/index.php?rest_route=%2Fwp%2Fv2%2Fcomments&post=4570"}],"version-history":[{"count":5,"href":"https:\/\/gpsgarmin.vn\/index.php?rest_route=\/wp\/v2\/product\/4570\/revisions"}],"predecessor-version":[{"id":4588,"href":"https:\/\/gpsgarmin.vn\/index.php?rest_route=\/wp\/v2\/product\/4570\/revisions\/4588"}],"wp:featuredmedia":[{"embeddable":true,"href":"https:\/\/gpsgarmin.vn\/index.php?rest_route=\/wp\/v2\/media\/4571"}],"wp:attachment":[{"href":"https:\/\/gpsgarmin.vn\/index.php?rest_route=%2Fwp%2Fv2%2Fmedia&parent=4570"}],"wp:term":[{"taxonomy":"product_cat","embeddable":true,"href":"https:\/\/gpsgarmin.vn\/index.php?rest_route=%2Fwp%2Fv2%2Fproduct_cat&post=4570"},{"taxonomy":"product_tag","embeddable":true,"href":"https:\/\/gpsgarmin.vn\/index.php?rest_route=%2Fwp%2Fv2%2Fproduct_tag&post=4570"}],"curies":[{"name":"wp","href":"https:\/\/api.w.org\/{rel}","templated":true}]}}