{"id":4492,"date":"2025-06-24T11:15:03","date_gmt":"2025-06-24T04:15:03","guid":{"rendered":"https:\/\/gpsgarmin.vn\/?post_type=product&#038;p=4492"},"modified":"2025-11-25T09:20:02","modified_gmt":"2025-11-25T02:20:02","slug":"garmin-tactix-8-solar","status":"publish","type":"product","link":"https:\/\/gpsgarmin.vn\/?product=garmin-tactix-8-solar","title":{"rendered":"Garmin Tactix 8 Solar"},"content":{"rendered":"<h3 data-sourcepos=\"3:1-3:76\"><strong>Garmin <a href=\"https:\/\/gpsgarmin.vn\/?product=garmin-tactix-8-solar\">Tactix 8 Solar<\/a> &#8211; S\u1ee9c M\u1ea1nh V\u00f4 Song, B\u1ec1n B\u1ec9 B\u1ea5t T\u1eadn<\/strong><\/h3>\n<p data-sourcepos=\"5:1-5:497\">Ch\u00e0o m\u1eebng b\u1ea1n \u0111\u1ebfn v\u1edbi Garmin <a href=\"https:\/\/gpsgarmin.vn\/?product=garmin-tactix-8-solar\">Tactix 8 Solar<\/a> \u2013 chi\u1ebfc \u0111\u1ed3ng h\u1ed3 th\u00f4ng minh GPS chi\u1ebfn thu\u1eadt \u0111\u1ec9nh cao, \u0111\u01b0\u1ee3c trang b\u1ecb kh\u1ea3 n\u0103ng s\u1ea1c n\u0103ng l\u01b0\u1ee3ng m\u1eb7t tr\u1eddi gi\u00fap k\u00e9o d\u00e0i th\u1eddi l\u01b0\u1ee3ng pin \u0111\u00e1ng kinh ng\u1ea1c. Thi\u1ebft k\u1ebf \u0111\u1ec3 ph\u1ee5c v\u1ee5 nh\u1eefng ng\u01b0\u1eddi ho\u1ea1t \u0111\u1ed9ng trong m\u00f4i tr\u01b0\u1eddng kh\u1eafc nghi\u1ec7t nh\u1ea5t, t\u1eeb nhi\u1ec7m v\u1ee5 qu\u00e2n s\u1ef1, an ninh \u0111\u1ebfn nh\u1eefng chuy\u1ebfn phi\u00eau l\u01b0u m\u1ea1o hi\u1ec3m, <a href=\"https:\/\/gpsgarmin.vn\/?product=garmin-tactix-8-solar\">Tactix 8 Solar<\/a> l\u00e0 s\u1ef1 k\u1ebft h\u1ee3p ho\u00e0n h\u1ea3o gi\u1eefa c\u00f4ng ngh\u1ec7 ti\u00ean ti\u1ebfn, \u0111\u1ed9 b\u1ec1n b\u1ec9 v\u01b0\u1ee3t tr\u1ed9i v\u00e0 c\u00e1c t\u00ednh n\u0103ng chuy\u00ean d\u1ee5ng, \u0111\u1ea3m b\u1ea3o b\u1ea1n lu\u00f4n s\u1eb5n s\u00e0ng \u0111\u1ed1i m\u1eb7t v\u1edbi m\u1ecdi th\u1eed th\u00e1ch.<\/p>\n<p data-sourcepos=\"5:1-5:497\"><img fetchpriority=\"high\" decoding=\"async\" class=\"\" src=\"https:\/\/res.garmin.com\/vi_VN\/products\/010-03407-22\/g\/72842-1.jpg\" width=\"391\" height=\"440\" \/><img decoding=\"async\" class=\"\" src=\"https:\/\/res.garmin.com\/vi_VN\/products\/010-03407-22\/g\/72842-2.jpg\" width=\"391\" height=\"440\" \/><img decoding=\"async\" class=\"\" src=\"https:\/\/res.garmin.com\/en_SG\/products\/010-03407-22\/g\/1828741-3.jpg\" width=\"390\" height=\"439\" \/><\/p>\n<h4 data-sourcepos=\"9:1-9:60\"><strong>N\u0103ng L\u01b0\u1ee3ng M\u1eb7t Tr\u1eddi &#8211; V\u1eadn H\u00e0nh B\u1ec1n B\u1ec9 Kh\u00f4ng Gi\u1edbi H\u1ea1n<\/strong><\/h4>\n<ul data-sourcepos=\"11:1-13:0\">\n<li data-sourcepos=\"11:1-11:330\"><strong>S\u1ea1c N\u0103ng L\u01b0\u1ee3ng M\u1eb7t Tr\u1eddi \u0110\u1ed9t Ph\u00e1:<\/strong> <a href=\"https:\/\/gpsgarmin.vn\/?product=garmin-tactix-8-solar\">Tactix 8 Solar<\/a> \u0111\u01b0\u1ee3c t\u00edch h\u1ee3p c\u00f4ng ngh\u1ec7 s\u1ea1c n\u0103ng l\u01b0\u1ee3ng m\u1eb7t tr\u1eddi ti\u00ean ti\u1ebfn, gi\u00fap k\u00e9o d\u00e0i \u0111\u00e1ng k\u1ec3 th\u1eddi l\u01b0\u1ee3ng pin c\u1ee7a \u0111\u1ed3ng h\u1ed3. B\u1ea1n c\u00f3 th\u1ec3 ho\u1ea1t \u0111\u1ed9ng li\u00ean t\u1ee5c trong nhi\u1ec1u ng\u00e0y, th\u1eadm ch\u00ed nhi\u1ec1u tu\u1ea7n m\u00e0 kh\u00f4ng c\u1ea7n s\u1ea1c truy\u1ec1n th\u1ed1ng, \u0111\u1eb7c bi\u1ec7t h\u1eefu \u00edch trong c\u00e1c nhi\u1ec7m v\u1ee5 d\u00e0i ng\u00e0y ho\u1eb7c chuy\u1ebfn \u0111i kh\u00e1m ph\u00e1.<\/li>\n<li data-sourcepos=\"12:1-13:0\"><strong>Th\u1eddi L\u01b0\u1ee3ng Pin \u0110\u00e1ng Kinh Ng\u1ea1c:<\/strong> T\u1eadn h\u01b0\u1edfng l\u00ean \u0111\u1ebfn 48 ng\u00e0y s\u1eed d\u1ee5ng \u1edf ch\u1ebf \u0111\u1ed9 \u0111\u1ed3ng h\u1ed3 th\u00f4ng minh khi c\u00f3 \u0111\u1ee7 \u00e1nh s\u00e1ng m\u1eb7t tr\u1eddi, mang l\u1ea1i s\u1ef1 y\u00ean t\u00e2m tuy\u1ec7t \u0111\u1ed1i cho m\u1ecdi chuy\u1ebfn \u0111i.<\/li>\n<\/ul>\n<h4 data-sourcepos=\"16:1-16:57\"><strong>Thi\u1ebft K\u1ebf Qu\u00e2n \u0110\u1ed9i \u0110\u00edch Th\u1ef1c &#8211; Chu\u1ea9n B\u1ec1n B\u1ec9 Hoa K\u1ef3<\/strong><\/h4>\n<ul data-sourcepos=\"18:1-21:0\">\n<li data-sourcepos=\"18:1-18:230\"><strong>\u0110\u1ed9 B\u1ec1n \u0110\u1ea1t Chu\u1ea9n MIL-STD-810:<\/strong> Ch\u1ebf t\u1ea1o t\u1eeb v\u1eadt li\u1ec7u cao c\u1ea5p, <a href=\"https:\/\/gpsgarmin.vn\/?product=garmin-tactix-8-solar\">Tactix 8 Solar<\/a> \u0111\u00e1p \u1ee9ng c\u00e1c ti\u00eau chu\u1ea9n qu\u00e2n s\u1ef1 nghi\u00eam ng\u1eb7t v\u1ec1 kh\u1ea3 n\u0103ng ch\u1ed1ng s\u1ed1c, ch\u1ecbu nhi\u1ec7t v\u00e0 ch\u1ed1ng n\u01b0\u1edbc. \u0110\u1ed3ng h\u1ed3 c\u00f3 th\u1ec3 ch\u1ecbu \u0111\u01b0\u1ee3c nh\u1eefng \u0111i\u1ec1u ki\u1ec7n kh\u1eafc nghi\u1ec7t nh\u1ea5t.<\/li>\n<li data-sourcepos=\"19:1-19:154\"><strong>Ch\u1ed1ng N\u01b0\u1edbc M\u1ea1nh M\u1ebd:<\/strong> V\u1edbi kh\u1ea3 n\u0103ng ch\u1ed1ng n\u01b0\u1edbc \u0111\u1ebfn \u0111\u1ed9 s\u00e2u 40 m\u00e9t (h\u1ed7 tr\u1ee3 ch\u1ebf \u0111\u1ed9 l\u1eb7n), b\u1ea1n c\u00f3 th\u1ec3 y\u00ean t\u00e2m s\u1eed d\u1ee5ng \u0111\u1ed3ng h\u1ed3 trong c\u00e1c ho\u1ea1t \u0111\u1ed9ng d\u01b0\u1edbi n\u01b0\u1edbc.<\/li>\n<li data-sourcepos=\"20:1-21:0\"><strong>\u0110\u00e8n Pin LED T\u00edch H\u1ee3p:<\/strong> \u0110\u00e8n pin LED \u0111a n\u0103ng \u0111\u01b0\u1ee3c t\u00edch h\u1ee3p s\u1eb5n, cung c\u1ea5p \u00e1nh s\u00e1ng ti\u1ec7n l\u1ee3i khi b\u1ea1n c\u1ea7n soi \u0111\u01b0\u1eddng trong b\u00f3ng t\u1ed1i ho\u1eb7c ra t\u00edn hi\u1ec7u kh\u1ea9n c\u1ea5p.<\/li>\n<\/ul>\n<h4 data-sourcepos=\"24:1-24:66\"><strong>T\u00ednh N\u0103ng Chi\u1ebfn Thu\u1eadt Chuy\u00ean Bi\u1ec7t &#8211; N\u1eafm B\u1eaft M\u1ecdi T\u00ecnh Hu\u1ed1ng<\/strong><\/h4>\n<ul data-sourcepos=\"26:1-33:0\">\n<li data-sourcepos=\"26:1-26:154\"><strong>Ch\u1ebf \u0110\u1ed9 T\u1ea7m Nh\u00ecn \u0110\u00eam (Night Vision Mode):<\/strong> T\u01b0\u01a1ng th\u00edch v\u1edbi k\u00ednh nh\u00ecn \u0111\u00eam, cho ph\u00e9p b\u1ea1n chuy\u1ec3n \u0111\u1ed5i m\u00e0n h\u00ecnh \u0111\u1ec3 duy tr\u00ec kh\u1ea3 n\u0103ng \u1ea9n m\u00ecnh trong b\u00f3ng t\u1ed1i.<\/li>\n<li data-sourcepos=\"27:1-27:160\"><strong>Ch\u1ebf \u0110\u1ed9 T\u00e0ng H\u00ecnh (Stealth Mode):<\/strong> V\u00f4 hi\u1ec7u h\u00f3a GPS v\u00e0 t\u1eaft k\u1ebft n\u1ed1i kh\u00f4ng d\u00e2y, ng\u0103n ch\u1eb7n vi\u1ec7c r\u00f2 r\u1ec9 v\u1ecb tr\u00ed c\u1ee7a b\u1ea1n, t\u1ed1i \u01b0u cho c\u00e1c nhi\u1ec7m v\u1ee5 \u0111\u00f2i h\u1ecfi s\u1ef1 b\u00ed m\u1eadt.<\/li>\n<li data-sourcepos=\"28:1-28:163\"><strong>Kill Switch:<\/strong> M\u1ed9t t\u00ednh n\u0103ng an to\u00e0n cho ph\u00e9p b\u1ea1n x\u00f3a t\u1ea5t c\u1ea3 d\u1eef li\u1ec7u ng\u01b0\u1eddi d\u00f9ng tr\u00ean \u0111\u1ed3ng h\u1ed3 ngay l\u1eadp t\u1ee9c trong tr\u01b0\u1eddng h\u1ee3p kh\u1ea9n c\u1ea5p, b\u1ea3o v\u1ec7 th\u00f4ng tin nh\u1ea1y c\u1ea3m.<\/li>\n<li data-sourcepos=\"29:1-29:130\"><strong>Ch\u1ebf \u0110\u1ed9 Nh\u1ea3y D\u00f9 (Jumpmaster Mode):<\/strong> Cung c\u1ea5p c\u00e1c t\u00ednh to\u00e1n \u0111i\u1ec3m th\u1ea3 tr\u00ean kh\u00f4ng (HARP) theo h\u01b0\u1edbng d\u1eabn c\u1ee7a qu\u00e2n \u0111\u1ed9i khi nh\u1ea3y d\u00f9.<\/li>\n<li data-sourcepos=\"30:1-30:196\"><strong>\u0110\u1ecbnh V\u1ecb GPS \u0110a B\u0103ng T\u1ea7n &amp; T\u1ecda \u0110\u1ed9 K\u00e9p:<\/strong> S\u1eed d\u1ee5ng nhi\u1ec1u h\u1ec7 th\u1ed1ng v\u1ec7 tinh (GPS, GLONASS, Galileo) \u0111\u1ec3 \u0111\u1ecbnh v\u1ecb si\u00eau ch\u00ednh x\u00e1c, \u0111\u1ed3ng th\u1eddi hi\u1ec3n th\u1ecb \u0111\u1ed3ng th\u1eddi hai b\u1ed9 t\u1ecda \u0111\u1ed9 l\u01b0\u1edbi tr\u00ean m\u1ed9t m\u00e0n h\u00ecnh.<\/li>\n<li data-sourcepos=\"31:1-31:137\"><strong>\u0110i\u1ec1u H\u01b0\u1edbng H\u00e0ng Kh\u00f4ng &amp; T\u1ecda \u0110\u1ed9 Tham Chi\u1ebfu:<\/strong> H\u1ed7 tr\u1ee3 c\u00e1c t\u00ednh n\u0103ng \u0111i\u1ec1u h\u01b0\u1edbng chuy\u00ean bi\u1ec7t v\u00e0 kh\u1ea3 n\u0103ng thi\u1ebft l\u1eadp t\u1ecda \u0111\u1ed9 tham chi\u1ebfu.<\/li>\n<li data-sourcepos=\"32:1-33:0\"><strong>B\u1ea3n \u0110\u1ed3 Chuy\u00ean D\u1ee5ng:<\/strong> T\u00edch h\u1ee3p B\u1ea3n \u0111\u1ed3 S\u00e2n golf, B\u1ea3n \u0111\u1ed3 SkyView v\u00e0 B\u1ea3n \u0111\u1ed3 \u0110\u1ecba h\u00ecnh (TOPO) l\u1ee5c \u0111\u1ecba, h\u1ed7 tr\u1ee3 \u0111\u1ecbnh h\u01b0\u1edbng to\u00e0n di\u1ec7n.<\/li>\n<\/ul>\n<h4 data-sourcepos=\"36:1-36:51\"><strong>Theo D\u00f5i S\u1ee9c Kh\u1ecfe &amp; Hi\u1ec7u Su\u1ea5t V\u01b0\u1ee3t Tr\u1ed9i<\/strong><\/h4>\n<ul data-sourcepos=\"38:1-41:0\">\n<li data-sourcepos=\"38:1-38:146\"><strong>H\u01a1n 100 Ch\u1ebf \u0110\u1ed9 Th\u1ec3 Thao:<\/strong> T\u1eeb ch\u1ea1y b\u1ed9, \u0111i b\u1ed9 \u0111\u01b0\u1eddng d\u00e0i, \u0111\u1ea1p xe, b\u01a1i l\u1ed9i \u0111\u1ebfn l\u1eb7n, <a href=\"https:\/\/gpsgarmin.vn\/?product=garmin-tactix-8-solar\">Tactix 8 Solar<\/a> cung c\u1ea5p d\u1eef li\u1ec7u chuy\u00ean s\u00e2u cho m\u1ecdi ho\u1ea1t \u0111\u1ed9ng.<\/li>\n<li data-sourcepos=\"39:1-39:160\"><strong>Ch\u1ebf \u0110\u1ed9 Rucking M\u1edbi:<\/strong> \u0110\u1eb7c bi\u1ec7t d\u00e0nh cho nh\u1eefng ng\u01b0\u1eddi luy\u1ec7n t\u1eadp \u0111eo ba l\u00f4 n\u1eb7ng, cho ph\u00e9p b\u1ea1n nh\u1eadp tr\u1ecdng l\u01b0\u1ee3ng ba l\u00f4 \u0111\u1ec3 t\u1ed1i \u01b0u c\u01b0\u1eddng \u0111\u1ed9 v\u00e0 l\u01b0\u1ee3ng calo \u0111\u1ed1t ch\u00e1y.<\/li>\n<li data-sourcepos=\"40:1-41:0\"><strong>Theo D\u00f5i S\u1ee9c Kh\u1ecfe To\u00e0n Di\u1ec7n:<\/strong> Bao g\u1ed3m theo d\u00f5i nh\u1ecbp tim 24\/7, n\u1ed3ng \u0111\u1ed9 oxy trong m\u00e1u (Pulse Ox), tr\u1ea1ng th\u00e1i HRV (bi\u1ebfn thi\u00ean nh\u1ecbp tim), theo d\u00f5i gi\u1ea5c ng\u1ee7 chuy\u00ean s\u00e2u v\u00e0 \u1ee9ng d\u1ee5ng ECG (\u0111i\u1ec7n t\u00e2m \u0111\u1ed3) \u0111\u1ec3 ph\u00e2n t\u00edch ho\u1ea1t \u0111\u1ed9ng \u0111i\u1ec7n c\u1ee7a tim.<\/li>\n<\/ul>\n<h4 data-sourcepos=\"44:1-44:50\"><strong>K\u1ebft N\u1ed1i Th\u00f4ng Minh &amp; Ti\u1ec7n \u00cdch \u0110\u1eb3ng C\u1ea5p<\/strong><\/h4>\n<ul data-sourcepos=\"46:1-51:0\">\n<li data-sourcepos=\"46:1-46:154\"><strong>Loa K\u00e9p &amp; Micro T\u00edch H\u1ee3p:<\/strong> Th\u1ef1c hi\u1ec7n v\u00e0 nh\u1eadn cu\u1ed9c g\u1ecdi tr\u1ef1c ti\u1ebfp t\u1eeb \u0111\u1ed3ng h\u1ed3 khi k\u1ebft n\u1ed1i Bluetooth v\u1edbi \u0111i\u1ec7n tho\u1ea1i, mang l\u1ea1i s\u1ef1 ti\u1ec7n l\u1ee3i v\u00e0 r\u00f5 r\u00e0ng.<\/li>\n<li data-sourcepos=\"47:1-47:105\"><strong>Th\u00f4ng B\u00e1o Th\u00f4ng Minh:<\/strong> Nh\u1eadn tin nh\u1eafn, email, cu\u1ed9c g\u1ecdi v\u00e0 c\u00e1c th\u00f4ng b\u00e1o t\u1eeb \u1ee9ng d\u1ee5ng ngay tr\u00ean c\u1ed5 tay.<\/li>\n<li data-sourcepos=\"48:1-48:85\"><strong>Garmin Pay\u2122:<\/strong> Thanh to\u00e1n kh\u00f4ng ti\u1ebfp x\u00fac nhanh ch\u00f3ng v\u00e0 an to\u00e0n ch\u1ec9 v\u1edbi m\u1ed9t ch\u1ea1m.<\/li>\n<li data-sourcepos=\"49:1-49:117\"><strong>L\u01b0u Tr\u1eef &amp; Ph\u00e1t Nh\u1ea1c:<\/strong> L\u01b0u tr\u1eef h\u00e0ng ng\u00e0n b\u00e0i h\u00e1t tr\u1ef1c ti\u1ebfp tr\u00ean \u0111\u1ed3ng h\u1ed3 ho\u1eb7c \u0111i\u1ec1u khi\u1ec3n nh\u1ea1c tr\u00ean \u0111i\u1ec7n tho\u1ea1i.<\/li>\n<li data-sourcepos=\"50:1-51:0\"><strong>T\u01b0\u01a1ng Th\u00edch Garmin Messenger:<\/strong> Giao ti\u1ebfp qua \u1ee9ng d\u1ee5ng nh\u1eafn tin Garmin Messenger.<\/li>\n<\/ul>\n","protected":false},"excerpt":{"rendered":"<p><strong>\u2282\u2329 B\u1ea2O H\u00c0NH CH\u00cdNH H\u00c3NG 2 N\u0102M \u232a\u2283<\/strong><\/p>\n<p><strong>\u260e Li\u00ean h\u1ec7 t\u01b0 v\u1ea5n : 0972 658 351 \u2013\u00a0 0962 846 820 (g\u1ecdi tr\u1ef1c ti\u1ebfp ho\u1eb7c Zalo).<\/strong><\/p>\n","protected":false},"featured_media":4489,"comment_status":"open","ping_status":"closed","template":"","meta":[],"product_cat":[40,60,47],"product_tag":[],"class_list":{"0":"post-4492","1":"product","2":"type-product","3":"status-publish","4":"has-post-thumbnail","6":"product_cat-dong-ho-thong-minh","7":"product_cat-quatix-tactix","8":"product_cat-the-thao-va-suc-khoe","10":"first","11":"instock","12":"sale","13":"shipping-taxable","14":"purchasable","15":"product-type-simple"},"_links":{"self":[{"href":"https:\/\/gpsgarmin.vn\/index.php?rest_route=\/wp\/v2\/product\/4492","targetHints":{"allow":["GET"]}}],"collection":[{"href":"https:\/\/gpsgarmin.vn\/index.php?rest_route=\/wp\/v2\/product"}],"about":[{"href":"https:\/\/gpsgarmin.vn\/index.php?rest_route=\/wp\/v2\/types\/product"}],"replies":[{"embeddable":true,"href":"https:\/\/gpsgarmin.vn\/index.php?rest_route=%2Fwp%2Fv2%2Fcomments&post=4492"}],"version-history":[{"count":4,"href":"https:\/\/gpsgarmin.vn\/index.php?rest_route=\/wp\/v2\/product\/4492\/revisions"}],"predecessor-version":[{"id":4959,"href":"https:\/\/gpsgarmin.vn\/index.php?rest_route=\/wp\/v2\/product\/4492\/revisions\/4959"}],"wp:featuredmedia":[{"embeddable":true,"href":"https:\/\/gpsgarmin.vn\/index.php?rest_route=\/wp\/v2\/media\/4489"}],"wp:attachment":[{"href":"https:\/\/gpsgarmin.vn\/index.php?rest_route=%2Fwp%2Fv2%2Fmedia&parent=4492"}],"wp:term":[{"taxonomy":"product_cat","embeddable":true,"href":"https:\/\/gpsgarmin.vn\/index.php?rest_route=%2Fwp%2Fv2%2Fproduct_cat&post=4492"},{"taxonomy":"product_tag","embeddable":true,"href":"https:\/\/gpsgarmin.vn\/index.php?rest_route=%2Fwp%2Fv2%2Fproduct_tag&post=4492"}],"curies":[{"name":"wp","href":"https:\/\/api.w.org\/{rel}","templated":true}]}}