{"id":3922,"date":"2025-06-16T15:28:00","date_gmt":"2025-06-16T08:28:00","guid":{"rendered":"http:\/\/demo.garminvietnam.vn\/?post_type=product&#038;p=3922"},"modified":"2025-07-03T16:26:58","modified_gmt":"2025-07-03T09:26:58","slug":"ban-do-so","status":"publish","type":"product","link":"https:\/\/gpsgarmin.vn\/?product=ban-do-so","title":{"rendered":"S\u1ed1 h\u00f3a d\u1eef li\u1ec7u &#8211; B\u1ea3n \u0111\u1ed3 s\u1ed1"},"content":{"rendered":"","protected":false},"excerpt":{"rendered":"<p><strong>* <\/strong>Qu\u00fd kh\u00e1ch c\u00f3 nhu c\u1ea7u vui l\u00f2ng li\u00ean h\u1ec7:<strong> info@garminvietnam.vn\u00a0<\/strong>ho\u1eb7c g\u1ecdi <strong>0903 036934. <\/strong>Ch\u00fang t\u00f4i h\u1ed7 tr\u1ee3 \u0111\u1ea7y \u0111\u1ee7 theo chuy\u00ean \u0111\u1ec1 v\u00e0 m\u1ee5c \u0111\u00edch s\u1eed d\u1ee5ng.<\/p>\n<p>* <strong>C\u00e1c d\u1ecbch v\u1ee5 g\u1ed3m<\/strong>: T\u01b0 v\u1ea5n v\u00e0 x\u00e2y d\u1ef1ng H\u1ec7 th\u1ed1ng GIS ; T\u01b0 v\u1ea5n v\u00e0 th\u1ef1c hi\u1ec7n x\u1eed l\u00fd d\u1eef li\u1ec7u b\u1ea3n \u0111\u1ed3 s\u1ed1 ; D\u1eef li\u1ec7u b\u1ea3n s\u1ed1 theo chuy\u00ean \u0111\u1ec1.<\/p>\n","protected":false},"featured_media":3925,"comment_status":"open","ping_status":"closed","template":"","meta":[],"product_cat":[55],"product_tag":[],"class_list":{"0":"post-3922","1":"product","2":"type-product","3":"status-publish","4":"has-post-thumbnail","6":"product_cat-dich-vu","8":"first","9":"instock","10":"shipping-taxable","11":"product-type-simple"},"_links":{"self":[{"href":"https:\/\/gpsgarmin.vn\/index.php?rest_route=\/wp\/v2\/product\/3922","targetHints":{"allow":["GET"]}}],"collection":[{"href":"https:\/\/gpsgarmin.vn\/index.php?rest_route=\/wp\/v2\/product"}],"about":[{"href":"https:\/\/gpsgarmin.vn\/index.php?rest_route=\/wp\/v2\/types\/product"}],"replies":[{"embeddable":true,"href":"https:\/\/gpsgarmin.vn\/index.php?rest_route=%2Fwp%2Fv2%2Fcomments&post=3922"}],"version-history":[{"count":7,"href":"https:\/\/gpsgarmin.vn\/index.php?rest_route=\/wp\/v2\/product\/3922\/revisions"}],"predecessor-version":[{"id":4671,"href":"https:\/\/gpsgarmin.vn\/index.php?rest_route=\/wp\/v2\/product\/3922\/revisions\/4671"}],"wp:featuredmedia":[{"embeddable":true,"href":"https:\/\/gpsgarmin.vn\/index.php?rest_route=\/wp\/v2\/media\/3925"}],"wp:attachment":[{"href":"https:\/\/gpsgarmin.vn\/index.php?rest_route=%2Fwp%2Fv2%2Fmedia&parent=3922"}],"wp:term":[{"taxonomy":"product_cat","embeddable":true,"href":"https:\/\/gpsgarmin.vn\/index.php?rest_route=%2Fwp%2Fv2%2Fproduct_cat&post=3922"},{"taxonomy":"product_tag","embeddable":true,"href":"https:\/\/gpsgarmin.vn\/index.php?rest_route=%2Fwp%2Fv2%2Fproduct_tag&post=3922"}],"curies":[{"name":"wp","href":"https:\/\/api.w.org\/{rel}","templated":true}]}}