{"id":3902,"date":"2025-06-16T10:12:05","date_gmt":"2025-06-16T03:12:05","guid":{"rendered":"http:\/\/demo.garminvietnam.vn\/?post_type=product&#038;p=3902"},"modified":"2025-06-16T10:12:05","modified_gmt":"2025-06-16T03:12:05","slug":"ban-do-chau-au-nt","status":"publish","type":"product","link":"https:\/\/gpsgarmin.vn\/?product=ban-do-chau-au-nt","title":{"rendered":"B\u1ea3n \u0111\u1ed3 Ch\u00e2u \u00c2u NT"},"content":{"rendered":"<h4><strong>H\u00ecnh th\u1ee9c c\u00e0i \u0111\u1eb7t:<\/strong><\/h4>\n<p>\u2013 C\u00e0i \u0111\u1eb7t t\u1ea1i c\u00f4ng ty B\u00ecnh Hy 35\/15 Phan V\u0103n H\u1edbn, P.TTN, Q.12, Tp.HCM<br \/>\n\u2013 C\u00e0i \u0111\u1eb7t t\u1eadn n\u01a1i theo y\u00eau c\u1ea7u kh\u00e1ch h\u00e0ng (Trong khu v\u1ef1c n\u1ed9i th\u00e0nh Tp.HCM).<br \/>\n\u2013 Ho\u1eb7c c\u00e0i \u0111\u1eb7t t\u1eeb xa qua email v\u00e0 thanh to\u00e1n chuy\u1ec3n kho\u1ea3n.<\/p>\n<p>\u0110i\u1ec1u h\u01b0\u1edbng c\u00e1c \u0111\u01b0\u1eddng ph\u1ed1 c\u1ee7a ch\u00e2u \u00c2u v\u1edbi s\u1ef1 t\u1ef1 tin. S\u1ea3n ph\u1ea9m n\u00e0y cung c\u1ea5p b\u1ea3n \u0111\u1ed3 \u0111\u01b0\u1eddng \u0111i chi ti\u1ebft v\u00e0 c\u00e1c \u0111i\u1ec3m \u01b0a th\u00edch cho thi\u1ebft b\u1ecb t\u01b0\u01a1ng th\u00edch c\u1ee7a b\u1ea1n, do \u0111\u00f3 b\u1ea1n c\u00f3 th\u1ec3 \u0111i\u1ec1u h\u01b0\u1edbng v\u1edbi c\u00e1c h\u01b0\u1edbng ch\u00ednh x\u00e1c, t\u1eebng ng\u00e3 r\u1ebd \u0111\u1ebfn b\u1ea5t k\u1ef3 \u0111\u1ecba ch\u1ec9 ho\u1eb7c ng\u00e3 t\u01b0 n\u00e0o. Tuy\u1ebfn \u0111\u01b0\u1eddng \u0111\u1ebfn c\u00e1c nh\u00e0 h\u00e0ng, tr\u1ea1m x\u0103ng, nh\u00e0 ngh\u1ec9, th\u1eafng c\u1ea3nh v\u00e0 nhi\u1ec1u h\u01a1n n\u1eefa.<br \/>\n\u2666 Hi\u1ec3n th\u1ecb h\u00e0ng tri\u1ec7u \u0111i\u1ec3m quan t\u00e2m tr\u00ean c\u1ea3 n\u01b0\u1edbc, bao g\u1ed3m nh\u00e0 h\u00e0ng, nh\u00e0 ngh\u1ec9, c\u1eeda kh\u1ea9u bi\u00ean gi\u1edbi, \u0111i\u1ec3m tham quan, tr\u1ea1m x\u0103ng, khu c\u1eafm tr\u1ea1i, mua s\u1eafm v\u00e0 nhi\u1ec1u h\u01a1n n\u1eefa.<br \/>\n\u2666 Cung c\u1ea5p ch\u1ec9 d\u1eabn t\u1eebng ch\u1eb7ng tr\u00ean thi\u1ebft b\u1ecb t\u01b0\u01a1ng th\u00edch c\u1ee7a b\u1ea1n.<br \/>\n\u2666 N\u00f3i t\u00ean \u0111\u01b0\u1eddng ph\u1ed1 (v\u00ed d\u1ee5: &#8220;R\u1ebd ph\u1ea3i tr\u00ean Ph\u1ed1 ch\u00ednh&#8221;)<br \/>\n\u2666 Bao g\u1ed3m c\u00e1c t\u00ednh n\u0103ng \u0111i\u1ec1u h\u01b0\u1edbng, ch\u1eb3ng h\u1ea1n nh\u01b0 h\u1ea1n ch\u1ebf r\u1ebd, h\u01b0\u1edbng d\u1eabn \u0111\u01b0\u1eddng v\u00f2ng, danh m\u1ee5c t\u1ed1c \u0111\u1ed9 v\u00e0 h\u01a1n th\u1ebf n\u1eefa.<br \/>\n\u2666 Ch\u1ee9a d\u1eef li\u1ec7u l\u01b0u l\u01b0\u1ee3ng truy c\u1eadp cho c\u00e1c thi\u1ebft b\u1ecb t\u01b0\u01a1ng th\u00edch s\u1eed d\u1ee5ng b\u1ed9 thu l\u01b0u l\u01b0\u1ee3ng.<\/p>\n<p><img fetchpriority=\"high\" decoding=\"async\" class=\"\" src=\"https:\/\/static.garmincdn.com\/en\/products\/010-10887-00\/g\/cm-md.jpg\" alt=\"Coverage Image\" width=\"503\" height=\"415\" \/><\/p>\n<p data-sourcepos=\"5:1-5:249\">Bao g\u1ed3m ph\u1ea1m vi ph\u1ee7 s\u00f3ng \u0111\u1ea7y \u0111\u1ee7 cho <strong>Romania, Guadeloupe, Martinique, St. Barth\u00e9lemy<\/strong> v\u00e0 <strong>Guyane thu\u1ed9c Ph\u00e1p<\/strong>, c\u00f9ng v\u1edbi ph\u1ea1m vi chi ti\u1ebft t\u0103ng c\u01b0\u1eddng cho <strong>Bosnia v\u00e0 Herzegovina<\/strong>. Ngo\u00e0i ra c\u00f2n bao g\u1ed3m T\u00e2y \u00c2u v\u00e0 nhi\u1ec1u qu\u1ed1c gia \u1edf \u0110\u00f4ng \u00c2u, c\u1ee5 th\u1ec3 l\u00e0:<\/p>\n<p data-sourcepos=\"7:1-7:38\"><strong>V\u01b0\u01a1ng qu\u1ed1c Anh v\u00e0 C\u1ed9ng h\u00f2a Ireland<\/strong><\/p>\n<ul data-sourcepos=\"8:1-16:0\">\n<li data-sourcepos=\"8:1-8:37\"><strong>V\u01b0\u01a1ng qu\u1ed1c Anh<\/strong>: Ph\u1ee7 s\u00f3ng \u0111\u1ea7y \u0111\u1ee7<\/li>\n<li data-sourcepos=\"9:1-9:31\"><strong>Scotland<\/strong>: Ph\u1ee7 s\u00f3ng \u0111\u1ea7y \u0111\u1ee7<\/li>\n<li data-sourcepos=\"10:1-10:28\"><strong>Wales<\/strong>: Ph\u1ee7 s\u00f3ng \u0111\u1ea7y \u0111\u1ee7<\/li>\n<li data-sourcepos=\"11:1-11:30\"><strong>\u0110\u1ea3o Man<\/strong>: Ph\u1ee7 s\u00f3ng \u0111\u1ea7y \u0111\u1ee7<\/li>\n<li data-sourcepos=\"12:1-12:34\"><strong>B\u1eafc Ireland<\/strong>: Ph\u1ee7 s\u00f3ng \u0111\u1ea7y \u0111\u1ee7<\/li>\n<li data-sourcepos=\"13:1-13:30\"><strong>Ireland<\/strong>: Ph\u1ee7 s\u00f3ng \u0111\u1ea7y \u0111\u1ee7<\/li>\n<li data-sourcepos=\"14:1-14:39\"><strong>Qu\u1ea7n \u0111\u1ea3o Channel<\/strong>: Ph\u1ee7 s\u00f3ng \u0111\u1ea7y \u0111\u1ee7<\/li>\n<li data-sourcepos=\"15:1-16:0\"><strong>Gibraltar<\/strong>: Ph\u1ee7 s\u00f3ng \u0111\u1ea7y \u0111\u1ee7<\/li>\n<\/ul>\n<p data-sourcepos=\"17:1-17:51\"><strong>\u0110an M\u1ea1ch, Ph\u1ea7n Lan, Iceland, Na Uy v\u00e0 Th\u1ee5y \u0110i\u1ec3n<\/strong><\/p>\n<ul data-sourcepos=\"18:1-23:0\">\n<li data-sourcepos=\"18:1-18:31\"><strong>\u0110an M\u1ea1ch<\/strong>: Ph\u1ee7 s\u00f3ng \u0111\u1ea7y \u0111\u1ee7<\/li>\n<li data-sourcepos=\"19:1-19:31\"><strong>Ph\u1ea7n Lan<\/strong>: Ph\u1ee7 s\u00f3ng \u0111\u1ea7y \u0111\u1ee7<\/li>\n<li data-sourcepos=\"20:1-20:30\"><strong>Iceland<\/strong>: Ph\u1ee7 s\u00f3ng \u0111\u1ea7y \u0111\u1ee7<\/li>\n<li data-sourcepos=\"21:1-21:28\"><strong>Na Uy<\/strong>: Ph\u1ee7 s\u00f3ng \u0111\u1ea7y \u0111\u1ee7<\/li>\n<li data-sourcepos=\"22:1-23:0\"><strong>Th\u1ee5y \u0110i\u1ec3n<\/strong>: Ph\u1ee7 s\u00f3ng \u0111\u1ea7y \u0111\u1ee7<\/li>\n<\/ul>\n<p data-sourcepos=\"24:1-24:19\"><strong>Ph\u00e1p v\u00e0 Benelux<\/strong><\/p>\n<ul data-sourcepos=\"25:1-35:0\">\n<li data-sourcepos=\"25:1-25:30\"><strong>Andorra<\/strong>: Ph\u1ee7 s\u00f3ng \u0111\u1ea7y \u0111\u1ee7<\/li>\n<li data-sourcepos=\"26:1-26:25\"><strong>B\u1ec9<\/strong>: Ph\u1ee7 s\u00f3ng \u0111\u1ea7y \u0111\u1ee7<\/li>\n<li data-sourcepos=\"27:1-27:27\"><strong>Ph\u00e1p<\/strong>: Ph\u1ee7 s\u00f3ng \u0111\u1ea7y \u0111\u1ee7<\/li>\n<li data-sourcepos=\"28:1-28:40\"><strong>Guyane thu\u1ed9c Ph\u00e1p<\/strong>: Ph\u1ee7 s\u00f3ng \u0111\u1ea7y \u0111\u1ee7<\/li>\n<li data-sourcepos=\"29:1-29:33\"><strong>Guadeloupe<\/strong>: Ph\u1ee7 s\u00f3ng \u0111\u1ea7y \u0111\u1ee7<\/li>\n<li data-sourcepos=\"30:1-30:33\"><strong>Martinique<\/strong>: Ph\u1ee7 s\u00f3ng \u0111\u1ea7y \u0111\u1ee7<\/li>\n<li data-sourcepos=\"31:1-31:29\"><strong>H\u00e0 Lan<\/strong>: Ph\u1ee7 s\u00f3ng \u0111\u1ea7y \u0111\u1ee7<\/li>\n<li data-sourcepos=\"32:1-32:33\"><strong>Luxembourg<\/strong>: Ph\u1ee7 s\u00f3ng \u0111\u1ea7y \u0111\u1ee7<\/li>\n<li data-sourcepos=\"33:1-33:30\"><strong>R\u00e9union<\/strong>: Ph\u1ee7 s\u00f3ng \u0111\u1ea7y \u0111\u1ee7<\/li>\n<li data-sourcepos=\"34:1-35:0\"><strong>Saint Barth\u00e9lemy<\/strong>: Ph\u1ee7 s\u00f3ng \u0111\u1ea7y \u0111\u1ee7<\/li>\n<\/ul>\n<p data-sourcepos=\"36:1-36:35\"><strong>\u00dd, \u00c1o, Th\u1ee5y S\u0129 v\u00e0 Liechtenstein<\/strong><\/p>\n<ul data-sourcepos=\"37:1-41:0\">\n<li data-sourcepos=\"37:1-37:24\"><strong>\u00dd<\/strong>: Ph\u1ee7 s\u00f3ng \u0111\u1ea7y \u0111\u1ee7<\/li>\n<li data-sourcepos=\"38:1-38:25\"><strong>\u00c1o<\/strong>: Ph\u1ee7 s\u00f3ng \u0111\u1ea7y \u0111\u1ee7<\/li>\n<li data-sourcepos=\"39:1-39:30\"><strong>Th\u1ee5y S\u0129<\/strong>: Ph\u1ee7 s\u00f3ng \u0111\u1ea7y \u0111\u1ee7<\/li>\n<li data-sourcepos=\"40:1-41:0\"><strong>Liechtenstein<\/strong>: Ph\u1ee7 s\u00f3ng \u0111\u1ea7y \u0111\u1ee7<\/li>\n<\/ul>\n<p data-sourcepos=\"42:1-42:9\"><strong>Malta<\/strong><\/p>\n<ul data-sourcepos=\"43:1-44:0\">\n<li data-sourcepos=\"43:1-44:0\"><strong>Malta<\/strong>: Ph\u1ee7 s\u00f3ng \u0111\u1ea7y \u0111\u1ee7<\/li>\n<\/ul>\n<p data-sourcepos=\"45:1-45:29\"><strong>T\u00e2y Ban Nha v\u00e0 B\u1ed3 \u0110\u00e0o Nha<\/strong><\/p>\n<ul data-sourcepos=\"46:1-53:0\">\n<li data-sourcepos=\"46:1-46:34\"><strong>T\u00e2y Ban Nha<\/strong>: Ph\u1ee7 s\u00f3ng \u0111\u1ea7y \u0111\u1ee7<\/li>\n<li data-sourcepos=\"47:1-47:33\"><strong>B\u1ed3 \u0110\u00e0o Nha<\/strong>: Ph\u1ee7 s\u00f3ng \u0111\u1ea7y \u0111\u1ee7<\/li>\n<li data-sourcepos=\"48:1-48:32\"><strong>Gibraltar<\/strong>: Ph\u1ee7 s\u00f3ng \u0111\u1ea7y \u0111\u1ee7<\/li>\n<li data-sourcepos=\"49:1-49:38\"><strong>Qu\u1ea7n \u0111\u1ea3o Azores<\/strong>: Ph\u1ee7 s\u00f3ng \u0111\u1ea7y \u0111\u1ee7<\/li>\n<li data-sourcepos=\"50:1-50:38\"><strong>Qu\u1ea7n \u0111\u1ea3o Canary<\/strong>: Ph\u1ee7 s\u00f3ng \u0111\u1ea7y \u0111\u1ee7<\/li>\n<li data-sourcepos=\"51:1-51:40\"><strong>Qu\u1ea7n \u0111\u1ea3o Balearic<\/strong>: Ph\u1ee7 s\u00f3ng \u0111\u1ea7y \u0111\u1ee7<\/li>\n<li data-sourcepos=\"52:1-53:0\"><strong>Madeira<\/strong>: Ph\u1ee7 s\u00f3ng \u0111\u1ea7y \u0111\u1ee7<\/li>\n<\/ul>\n<p data-sourcepos=\"54:1-54:7\"><strong>\u0110\u1ee9c<\/strong><\/p>\n<ul data-sourcepos=\"55:1-56:0\">\n<li data-sourcepos=\"55:1-56:0\"><strong>\u0110\u1ee9c<\/strong>: Ph\u1ee7 s\u00f3ng \u0111\u1ea7y \u0111\u1ee7<\/li>\n<\/ul>\n<p data-sourcepos=\"57:1-57:16\"><strong>C\u1ed9ng h\u00f2a S\u00e9c<\/strong><\/p>\n<ul data-sourcepos=\"58:1-59:0\">\n<li data-sourcepos=\"58:1-59:0\"><strong>C\u1ed9ng h\u00f2a S\u00e9c<\/strong>: Ph\u1ee7 s\u00f3ng \u0111\u1ea7y \u0111\u1ee7<\/li>\n<\/ul>\n<p data-sourcepos=\"60:1-60:17\"><strong>Hy L\u1ea1p v\u00e0 S\u00edp<\/strong><\/p>\n<ul data-sourcepos=\"61:1-63:0\">\n<li data-sourcepos=\"61:1-61:29\"><strong>Hy L\u1ea1p<\/strong>: Ph\u1ee7 s\u00f3ng \u0111\u1ea7y \u0111\u1ee7<\/li>\n<li data-sourcepos=\"62:1-63:0\"><strong>S\u00edp<\/strong>: Ph\u1ee7 s\u00f3ng \u0111\u1ea7y \u0111\u1ee7 C\u1ed9ng h\u00f2a S\u00edp; C\u00e1c khu v\u1ef1c \u0111\u00f4 th\u1ecb ch\u00ednh v\u1edbi \u0111\u01b0\u1eddng li\u00ean th\u1ecb tr\u1ea5n \u1edf c\u00e1c khu v\u1ef1c tranh ch\u1ea5p<\/li>\n<\/ul>\n<p data-sourcepos=\"64:1-64:11\"><strong>\u0110\u00f4ng \u00c2u<\/strong><\/p>\n<ul data-sourcepos=\"65:1-85:30\">\n<li data-sourcepos=\"65:1-65:30\"><strong>Estonia<\/strong>: Ph\u1ee7 s\u00f3ng \u0111\u1ea7y \u0111\u1ee7<\/li>\n<li data-sourcepos=\"66:1-66:29\"><strong>Latvia<\/strong>: Ph\u1ee7 s\u00f3ng \u0111\u1ea7y \u0111\u1ee7<\/li>\n<li data-sourcepos=\"67:1-67:32\"><strong>Lithuania<\/strong>: Ph\u1ee7 s\u00f3ng \u0111\u1ea7y \u0111\u1ee7<\/li>\n<li data-sourcepos=\"68:1-68:29\"><strong>Ba Lan<\/strong>: Ph\u1ee7 s\u00f3ng \u0111\u1ea7y \u0111\u1ee7<\/li>\n<li data-sourcepos=\"69:1-69:35\"><strong>C\u1ed9ng h\u00f2a S\u00e9c<\/strong>: Ph\u1ee7 s\u00f3ng \u0111\u1ea7y \u0111\u1ee7<\/li>\n<li data-sourcepos=\"70:1-70:31\"><strong>Slovakia<\/strong>: Ph\u1ee7 s\u00f3ng \u0111\u1ea7y \u0111\u1ee7<\/li>\n<li data-sourcepos=\"71:1-71:30\"><strong>Hungary<\/strong>: Ph\u1ee7 s\u00f3ng \u0111\u1ea7y \u0111\u1ee7<\/li>\n<li data-sourcepos=\"72:1-72:31\"><strong>Slovenia<\/strong>: Ph\u1ee7 s\u00f3ng \u0111\u1ea7y \u0111\u1ee7<\/li>\n<li data-sourcepos=\"73:1-73:30\"><strong>Croatia<\/strong>: Ph\u1ee7 s\u00f3ng \u0111\u1ea7y \u0111\u1ee7<\/li>\n<li data-sourcepos=\"74:1-74:31\"><strong>Bulgaria<\/strong>: Ph\u1ee7 s\u00f3ng \u0111\u1ea7y \u0111\u1ee7<\/li>\n<li data-sourcepos=\"75:1-75:30\"><strong>Romania<\/strong>: Ph\u1ee7 s\u00f3ng \u0111\u1ea7y \u0111\u1ee7<\/li>\n<li data-sourcepos=\"76:1-76:33\"><strong>Th\u1ed5 Nh\u0129 K\u1ef3<\/strong>: Ph\u1ee7 s\u00f3ng \u0111\u1ea7y \u0111\u1ee7<\/li>\n<li data-sourcepos=\"77:1-77:63\"><strong>Moldova<\/strong>: C\u00e1c khu v\u1ef1c \u0111\u00f4 th\u1ecb ch\u00ednh v\u1edbi \u0111\u01b0\u1eddng li\u00ean th\u1ecb tr\u1ea5n<\/li>\n<li data-sourcepos=\"78:1-78:47\"><strong>Bosnia &amp; Herzegovina<\/strong>: Ph\u1ee7 s\u00f3ng \u0111\u1ea7y \u0111\u1ee7<\/li>\n<li data-sourcepos=\"79:1-79:29\"><strong>Serbia<\/strong>: Ph\u1ee7 s\u00f3ng \u0111\u1ea7y \u0111\u1ee7<\/li>\n<li data-sourcepos=\"80:1-80:29\"><strong>Kosovo<\/strong>: Ph\u1ee7 s\u00f3ng \u0111\u1ea7y \u0111\u1ee7<\/li>\n<li data-sourcepos=\"81:1-81:33\"><strong>Montenegro<\/strong>: Ph\u1ee7 s\u00f3ng \u0111\u1ea7y \u0111\u1ee7<\/li>\n<li data-sourcepos=\"82:1-82:30\"><strong>Albania<\/strong>: Ph\u1ee7 s\u00f3ng \u0111\u1ea7y \u0111\u1ee7<\/li>\n<li data-sourcepos=\"83:1-83:49\"><strong>C\u1ed9ng h\u00f2a Macedonia (FYROM)<\/strong>: Ph\u1ee7 s\u00f3ng \u0111\u1ea7y \u0111\u1ee7<\/li>\n<li data-sourcepos=\"84:1-84:63\"><strong>Belarus<\/strong>: C\u00e1c khu v\u1ef1c \u0111\u00f4 th\u1ecb ch\u00ednh v\u1edbi \u0111\u01b0\u1eddng li\u00ean th\u1ecb tr\u1ea5n<\/li>\n<li data-sourcepos=\"85:1-85:30\"><strong>Ukraine<\/strong>: Ph\u1ee7 s\u00f3ng \u0111\u1ea7y \u0111\u1ee7<\/li>\n<\/ul>\n","protected":false},"excerpt":{"rendered":"<p><em><strong>\u2282 Mi\u1ec5n ph\u00ed c\u1eadp nh\u1eadt tr\u1ecdn \u0111\u1eddi \u2283<\/strong><\/em><\/p>\n<p><strong>*<\/strong>\u00a0<strong>L\u01b0u \u00fd<\/strong>:\u00a0<strong>Gi\u00e1 \u00e1p d\u1ee5ng cho 1 thi\u1ebft b\u1ecb, li\u00ean h\u1ec7 \u0111\u1ec3 \u0111\u01b0\u1ee3c t\u01b0 v\u1ea5n\u00a0: 0972 658 351 \u2013\u00a0 0962 846 820 (g\u1ecdi tr\u1ef1c ti\u1ebfp ho\u1eb7c Zalo).<\/strong><\/p>\n","protected":false},"featured_media":3878,"comment_status":"open","ping_status":"closed","template":"","meta":[],"product_cat":[39],"product_tag":[],"class_list":{"0":"post-3902","1":"product","2":"type-product","3":"status-publish","4":"has-post-thumbnail","6":"product_cat-phan-mem-dan-duong","8":"first","9":"instock","10":"shipping-taxable","11":"purchasable","12":"product-type-simple"},"_links":{"self":[{"href":"https:\/\/gpsgarmin.vn\/index.php?rest_route=\/wp\/v2\/product\/3902","targetHints":{"allow":["GET"]}}],"collection":[{"href":"https:\/\/gpsgarmin.vn\/index.php?rest_route=\/wp\/v2\/product"}],"about":[{"href":"https:\/\/gpsgarmin.vn\/index.php?rest_route=\/wp\/v2\/types\/product"}],"replies":[{"embeddable":true,"href":"https:\/\/gpsgarmin.vn\/index.php?rest_route=%2Fwp%2Fv2%2Fcomments&post=3902"}],"version-history":[{"count":2,"href":"https:\/\/gpsgarmin.vn\/index.php?rest_route=\/wp\/v2\/product\/3902\/revisions"}],"predecessor-version":[{"id":3904,"href":"https:\/\/gpsgarmin.vn\/index.php?rest_route=\/wp\/v2\/product\/3902\/revisions\/3904"}],"wp:featuredmedia":[{"embeddable":true,"href":"https:\/\/gpsgarmin.vn\/index.php?rest_route=\/wp\/v2\/media\/3878"}],"wp:attachment":[{"href":"https:\/\/gpsgarmin.vn\/index.php?rest_route=%2Fwp%2Fv2%2Fmedia&parent=3902"}],"wp:term":[{"taxonomy":"product_cat","embeddable":true,"href":"https:\/\/gpsgarmin.vn\/index.php?rest_route=%2Fwp%2Fv2%2Fproduct_cat&post=3902"},{"taxonomy":"product_tag","embeddable":true,"href":"https:\/\/gpsgarmin.vn\/index.php?rest_route=%2Fwp%2Fv2%2Fproduct_tag&post=3902"}],"curies":[{"name":"wp","href":"https:\/\/api.w.org\/{rel}","templated":true}]}}