{"id":3894,"date":"2025-06-16T09:56:23","date_gmt":"2025-06-16T02:56:23","guid":{"rendered":"http:\/\/demo.garminvietnam.vn\/?post_type=product&#038;p=3894"},"modified":"2025-06-16T09:59:55","modified_gmt":"2025-06-16T02:59:55","slug":"ban-do-garmin-australia-and-new-zealand-nt","status":"publish","type":"product","link":"https:\/\/gpsgarmin.vn\/?product=ban-do-garmin-australia-and-new-zealand-nt","title":{"rendered":"B\u1ea3n \u0111\u1ed3 \u00dac v\u00e0 New Zealand NT"},"content":{"rendered":"<h4><strong>H\u00ecnh th\u1ee9c c\u00e0i \u0111\u1eb7t:<\/strong><\/h4>\n<p>\u2013 C\u00e0i \u0111\u1eb7t t\u1ea1i c\u00f4ng ty B\u00ecnh Hy 35\/15 Phan V\u0103n H\u1edbn, P.TTN, Q.12, Tp.HCM<br \/>\n\u2013 C\u00e0i \u0111\u1eb7t t\u1eadn n\u01a1i theo y\u00eau c\u1ea7u kh\u00e1ch h\u00e0ng (Trong khu v\u1ef1c n\u1ed9i th\u00e0nh Tp.HCM).<br \/>\n\u2013 Ho\u1eb7c c\u00e0i \u0111\u1eb7t t\u1eeb xa qua email v\u00e0 thanh to\u00e1n chuy\u1ec3n kho\u1ea3n.<\/p>\n<p data-sourcepos=\"7:1-7:179\">S\u1ea3n ph\u1ea9m n\u00e0y cung c\u1ea5p b\u1ea3n \u0111\u1ed3 \u0111\u01b0\u1eddng b\u1ed9 chi ti\u1ebft v\u00e0 c\u00e1c \u0111i\u1ec3m quan t\u00e2m cho thi\u1ebft b\u1ecb c\u1ee7a b\u1ea1n, gi\u00fap b\u1ea1n \u0111i\u1ec1u h\u01b0\u1edbng v\u1edbi ch\u1ec9 d\u1eabn t\u1eebng ch\u1eb7ng ch\u00ednh x\u00e1c \u0111\u1ebfn b\u1ea5t k\u1ef3 \u0111\u1ecba ch\u1ec9 ho\u1eb7c giao l\u1ed9 n\u00e0o.<\/p>\n<ul data-sourcepos=\"9:1-15:0\">\n<li data-sourcepos=\"9:1-9:140\"><strong>Bao g\u1ed3m<\/strong> g\u1ea7n 1,3 tri\u1ec7u km (796.000 d\u1eb7m) \u0111\u01b0\u1eddng b\u1ed9, g\u1ed3m c\u00e1c \u0111\u01b0\u1eddng cao t\u1ed1c, \u0111\u01b0\u1eddng qu\u1ed1c l\u1ed9 v\u00e0 \u0111\u01b0\u1eddng \u0111\u1ecba ph\u01b0\u01a1ng tr\u00ean kh\u1eafp \u00dac v\u00e0 New Zealand.<\/li>\n<li data-sourcepos=\"10:1-10:129\"><strong>Hi\u1ec3n th\u1ecb<\/strong> h\u01a1n 630.000 \u0111i\u1ec3m quan t\u00e2m tr\u00ean kh\u1eafp c\u00e1c qu\u1ed1c gia, bao g\u1ed3m nh\u00e0 h\u00e0ng, tr\u1ea1m x\u0103ng, ch\u1ed7 \u1edf, \u0111i\u1ec3m tham quan v\u00e0 \u0111\u01b0\u1eddng s\u1eaft.<\/li>\n<li data-sourcepos=\"11:1-11:64\"><strong>Cung c\u1ea5p<\/strong> ch\u1ec9 d\u1eabn t\u1eebng ch\u1eb7ng tr\u00ean c\u00e1c thi\u1ebft b\u1ecb t\u01b0\u01a1ng th\u00edch.<\/li>\n<li data-sourcepos=\"12:1-12:59\"><strong>Ph\u00e1t \u00e2m t\u00ean \u0111\u01b0\u1eddng<\/strong> (v\u00ed d\u1ee5: &#8220;R\u1ebd ph\u1ea3i v\u00e0o Main Street&#8221;).<\/li>\n<li data-sourcepos=\"13:1-13:97\"><strong>Bao g\u1ed3m c\u00e1c t\u00ednh n\u0103ng \u0111i\u1ec1u h\u01b0\u1edbng<\/strong>, nh\u01b0 h\u1ea1n ch\u1ebf r\u1ebd, h\u01b0\u1edbng d\u1eabn v\u00f2ng xuy\u1ebfn v\u00e0 ph\u00e2n lo\u1ea1i t\u1ed1c \u0111\u1ed9.<\/li>\n<li data-sourcepos=\"14:1-15:0\"><strong>Ch\u1ee9a d\u1eef li\u1ec7u giao th\u00f4ng<\/strong> cho c\u00e1c thi\u1ebft b\u1ecb t\u01b0\u01a1ng th\u00edch s\u1eed d\u1ee5ng b\u1ed9 thu t\u00edn hi\u1ec7u giao th\u00f4ng.<\/li>\n<\/ul>\n<p data-sourcepos=\"16:1-16:29\"><img fetchpriority=\"high\" decoding=\"async\" class=\"\" src=\"https:\/\/static.garmincdn.com\/en\/products\/010-D1257-00\/g\/cm-md.jpg\" alt=\"Coverage Image\" width=\"512\" height=\"357\" \/><\/p>\n<p data-sourcepos=\"18:1-18:41\"><strong>Bao g\u1ed3m<\/strong> b\u1ea3n \u0111\u1ed3 c\u1ee7a \u00dac v\u00e0 New Zealand.<\/p>\n","protected":false},"excerpt":{"rendered":"<p><em><strong>\u2282 Mi\u1ec5n ph\u00ed c\u1eadp nh\u1eadt tr\u1ecdn \u0111\u1eddi \u2283<\/strong><\/em><\/p>\n<p><strong>*<\/strong>\u00a0<strong>L\u01b0u \u00fd<\/strong>:\u00a0<strong>Gi\u00e1 \u00e1p d\u1ee5ng cho 1 thi\u1ebft b\u1ecb, li\u00ean h\u1ec7 \u0111\u1ec3 \u0111\u01b0\u1ee3c t\u01b0 v\u1ea5n\u00a0: 0972 658 351 \u2013\u00a0 0962 846 820 (g\u1ecdi tr\u1ef1c ti\u1ebfp ho\u1eb7c Zalo).<\/strong><\/p>\n","protected":false},"featured_media":3878,"comment_status":"open","ping_status":"closed","template":"","meta":[],"product_cat":[39],"product_tag":[],"class_list":{"0":"post-3894","1":"product","2":"type-product","3":"status-publish","4":"has-post-thumbnail","6":"product_cat-phan-mem-dan-duong","8":"first","9":"instock","10":"shipping-taxable","11":"purchasable","12":"product-type-simple"},"_links":{"self":[{"href":"https:\/\/gpsgarmin.vn\/index.php?rest_route=\/wp\/v2\/product\/3894","targetHints":{"allow":["GET"]}}],"collection":[{"href":"https:\/\/gpsgarmin.vn\/index.php?rest_route=\/wp\/v2\/product"}],"about":[{"href":"https:\/\/gpsgarmin.vn\/index.php?rest_route=\/wp\/v2\/types\/product"}],"replies":[{"embeddable":true,"href":"https:\/\/gpsgarmin.vn\/index.php?rest_route=%2Fwp%2Fv2%2Fcomments&post=3894"}],"version-history":[{"count":3,"href":"https:\/\/gpsgarmin.vn\/index.php?rest_route=\/wp\/v2\/product\/3894\/revisions"}],"predecessor-version":[{"id":3901,"href":"https:\/\/gpsgarmin.vn\/index.php?rest_route=\/wp\/v2\/product\/3894\/revisions\/3901"}],"wp:featuredmedia":[{"embeddable":true,"href":"https:\/\/gpsgarmin.vn\/index.php?rest_route=\/wp\/v2\/media\/3878"}],"wp:attachment":[{"href":"https:\/\/gpsgarmin.vn\/index.php?rest_route=%2Fwp%2Fv2%2Fmedia&parent=3894"}],"wp:term":[{"taxonomy":"product_cat","embeddable":true,"href":"https:\/\/gpsgarmin.vn\/index.php?rest_route=%2Fwp%2Fv2%2Fproduct_cat&post=3894"},{"taxonomy":"product_tag","embeddable":true,"href":"https:\/\/gpsgarmin.vn\/index.php?rest_route=%2Fwp%2Fv2%2Fproduct_tag&post=3894"}],"curies":[{"name":"wp","href":"https:\/\/api.w.org\/{rel}","templated":true}]}}