{"id":3499,"date":"2025-06-10T14:35:47","date_gmt":"2025-06-10T07:35:47","guid":{"rendered":"http:\/\/demo.garminvietnam.vn\/?post_type=product&#038;p=3499"},"modified":"2025-09-15T10:05:03","modified_gmt":"2025-09-15T03:05:03","slug":"garmin-edge-1040-bundle","status":"publish","type":"product","link":"https:\/\/gpsgarmin.vn\/?product=garmin-edge-1040-bundle","title":{"rendered":"Garmin Edge 1040 Bundle"},"content":{"rendered":"<h2 data-sourcepos=\"5:1-5:59\">Garmin <a href=\"https:\/\/gpsgarmin.vn\/?product=garmin-edge-1040-bundle\">Edge 1040 Bundle<\/a> \u2013 N\u00e2ng T\u1ea7m M\u1ecdi Chuy\u1ebfn \u0110i C\u1ee7a B\u1ea1n<\/h2>\n<p data-sourcepos=\"7:1-7:389\">Ch\u00e0o m\u1eebng b\u1ea1n \u0111\u1ebfn v\u1edbi <strong>Garmin <a href=\"https:\/\/gpsgarmin.vn\/?product=garmin-edge-1040-bundle\">Edge 1040 Bundle<\/a><\/strong> \u2013 chi\u1ebfc m\u00e1y t\u00ednh xe \u0111\u1ea1p GPS h\u00e0ng \u0111\u1ea7u \u0111\u01b0\u1ee3c thi\u1ebft k\u1ebf \u0111\u1ec3 \u0111\u01b0a tr\u1ea3i nghi\u1ec7m \u0111\u1ea1p xe c\u1ee7a b\u1ea1n l\u00ean m\u1ed9t t\u1ea7m cao m\u1edbi. D\u00f9 b\u1ea1n l\u00e0 m\u1ed9t tay \u0111ua chuy\u00ean nghi\u1ec7p, ng\u01b0\u1eddi \u0111am m\u00ea kh\u00e1m ph\u00e1 hay \u0111\u01a1n gi\u1ea3n l\u00e0 y\u00eau th\u00edch nh\u1eefng chuy\u1ebfn \u0111i cu\u1ed1i tu\u1ea7n, <a href=\"https:\/\/gpsgarmin.vn\/?product=garmin-edge-1040-bundle\">Edge 1040 Bundle<\/a> mang \u0111\u1ebfn m\u1ecdi th\u1ee9 b\u1ea1n c\u1ea7n \u0111\u1ec3 theo d\u00f5i, ph\u00e2n t\u00edch v\u00e0 c\u1ea3i thi\u1ec7n hi\u1ec7u su\u1ea5t c\u1ee7a m\u00ecnh m\u1ed9t c\u00e1ch to\u00e0n di\u1ec7n nh\u1ea5t.<\/p>\n<p data-sourcepos=\"7:1-7:389\"><img decoding=\"async\" class=\"app__img-banner__img app__img-banner__img--desktop\" src=\"https:\/\/res.garmin.com\/en\/products\/010-02503-00\/g\/44085-D-1-6f570ba0-b5bf-4e33-826d-7cf3944d02e0.jpg\" alt=\"\" \/><\/p>\n<p data-sourcepos=\"9:1-9:172\"><strong>T\u1ea1i sao ch\u1ecdn b\u1ea3n Bundle?<\/strong> V\u1edbi phi\u00ean b\u1ea3n Bundle, b\u1ea1n kh\u00f4ng ch\u1ec9 s\u1edf h\u1eefu thi\u1ebft b\u1ecb <a href=\"https:\/\/gpsgarmin.vn\/?product=garmin-edge-1040-bundle\">Edge 1040<\/a> m\u00e0 c\u00f2n \u0111\u01b0\u1ee3c trang b\u1ecb \u0111\u1ea7y \u0111\u1ee7 c\u00e1c ph\u1ee5 ki\u1ec7n c\u1ea3m bi\u1ebfn quan tr\u1ecdng c\u1ee7a Garmin, bao g\u1ed3m:<\/p>\n<ul data-sourcepos=\"10:1-13:0\">\n<li data-sourcepos=\"10:1-10:59\"><strong>C\u1ea3m bi\u1ebfn t\u1ed1c \u0111\u1ed9:<\/strong> Theo d\u00f5i t\u1ed1c \u0111\u1ed9 di chuy\u1ec3n ch\u00ednh x\u00e1c.<\/li>\n<li data-sourcepos=\"11:1-11:83\"><strong>C\u1ea3m bi\u1ebfn nh\u1ecbp:<\/strong> \u0110o l\u01b0\u1eddng nh\u1ecbp \u0111\u1ea1p ch\u00e2n (cadence) gi\u00fap t\u1ed1i \u01b0u h\u00f3a hi\u1ec7u qu\u1ea3 \u0111\u1ea1p.<\/li>\n<li data-sourcepos=\"12:1-13:0\"><strong>D\u00e2y \u0111o nh\u1ecbp tim:<\/strong> Cung c\u1ea5p d\u1eef li\u1ec7u nh\u1ecbp tim theo th\u1eddi gian th\u1ef1c \u0111\u1ec3 ki\u1ec3m so\u00e1t c\u01b0\u1eddng \u0111\u1ed9 luy\u1ec7n t\u1eadp.<\/li>\n<\/ul>\n<p data-sourcepos=\"14:1-14:130\">Tr\u1ecdn b\u1ed9 n\u00e0y \u0111\u1ea3m b\u1ea3o b\u1ea1n c\u00f3 c\u00e1i nh\u00ecn s\u00e2u s\u1eafc v\u00e0 \u0111\u1ea7y \u0111\u1ee7 nh\u1ea5t v\u1ec1 m\u1ecdi kh\u00eda c\u1ea1nh trong chuy\u1ebfn \u0111i c\u1ee7a m\u00ecnh ngay t\u1eeb l\u1ea7n \u0111\u1ea7u ti\u00ean s\u1eed d\u1ee5ng.<\/p>\n<h3 data-sourcepos=\"18:1-18:25\">C\u00e1c T\u00ednh N\u0103ng N\u1ed5i B\u1eadt<\/h3>\n<h4 data-sourcepos=\"20:1-20:47\">1. GPS \u0110a B\u0103ng T\u1ea7n &amp; \u0110\u1ecbnh V\u1ecb Ch\u00ednh X\u00e1c<\/h4>\n<ul data-sourcepos=\"22:1-24:0\">\n<li data-sourcepos=\"22:1-22:354\"><strong>C\u00f4ng ngh\u1ec7 GNSS \u0110a B\u0103ng T\u1ea7n:<\/strong> <a href=\"https:\/\/gpsgarmin.vn\/?product=garmin-edge-1040-bundle\">Edge 1040<\/a> l\u00e0 thi\u1ebft b\u1ecb Garmin \u0111\u1ea7u ti\u00ean s\u1eed d\u1ee5ng c\u00f4ng ngh\u1ec7 GNSS \u0111a b\u0103ng t\u1ea7n (Multi-band GNSS), h\u1ed7 tr\u1ee3 \u0111\u1ed3ng th\u1eddi nhi\u1ec1u h\u1ec7 th\u1ed1ng v\u1ec7 tinh \u0111\u1ecbnh v\u1ecb (GPS, GLONASS, Galileo). \u0110i\u1ec1u n\u00e0y mang l\u1ea1i kh\u1ea3 n\u0103ng \u0111\u1ecbnh v\u1ecb v\u01b0\u1ee3t tr\u1ed9i, \u0111\u1eb7c bi\u1ec7t ch\u00ednh x\u00e1c trong m\u00f4i tr\u01b0\u1eddng kh\u00f3 kh\u0103n nh\u01b0 r\u1eebng r\u1eadm, h\u1ebbm n\u00fai ho\u1eb7c khu v\u1ef1c \u0111\u00f4 th\u1ecb c\u00f3 nhi\u1ec1u nh\u00e0 cao t\u1ea7ng.<\/li>\n<li data-sourcepos=\"23:1-24:0\"><strong>D\u1eabn \u0111\u01b0\u1eddng \u0111\u00e1ng tin c\u1eady:<\/strong> Kh\u00f4ng bao gi\u1edd l\u1ea1c \u0111\u01b0\u1eddng v\u1edbi c\u00e1c b\u1ea3n \u0111\u1ed3 \u0111\u01b0\u1eddng \u0111i v\u00e0 \u0111\u01b0\u1eddng m\u00f2n to\u00e0n di\u1ec7n c\u1ee7a Garmin.<\/li>\n<\/ul>\n<h4 data-sourcepos=\"25:1-25:36\">2. Hi\u1ec7u Su\u1ea5t Luy\u1ec7n T\u1eadp \u0110\u1ec9nh Cao<\/h4>\n<ul data-sourcepos=\"27:1-32:0\">\n<li data-sourcepos=\"27:1-27:297\"><strong>S\u1ee9c b\u1ec1n \u0111\u1ea1p xe (Cycling Ability) &amp; Y\u00eau c\u1ea7u l\u1ed9 tr\u00ecnh (Course Demands):<\/strong> T\u00ednh n\u0103ng m\u1edbi n\u00e0y gi\u00fap b\u1ea1n hi\u1ec3u r\u00f5 \u0111i\u1ec3m m\u1ea1nh, \u0111i\u1ec3m y\u1ebfu c\u1ee7a m\u00ecnh v\u1edbi t\u01b0 c\u00e1ch l\u00e0 m\u1ed9t ng\u01b0\u1eddi \u0111\u1ea1p xe v\u00e0 t\u1eadp trung v\u00e0o vi\u1ec7c luy\u1ec7n t\u1eadp \u0111\u00fang ch\u1ed7. N\u00f3 c\u0169ng ph\u00e2n t\u00edch y\u00eau c\u1ea7u c\u1ee7a l\u1ed9 tr\u00ecnh s\u1eafp t\u1edbi \u0111\u1ec3 b\u1ea1n c\u00f3 th\u1ec3 chu\u1ea9n b\u1ecb t\u1ed1t nh\u1ea5t.<\/li>\n<li data-sourcepos=\"28:1-28:174\"><strong>H\u01b0\u1edbng d\u1eabn \u0111i\u1ec7n n\u0103ng (Power Guide):<\/strong> \u0110\u1eb7t m\u1ee5c ti\u00eau c\u00f4ng su\u1ea5t c\u1ee5 th\u1ec3 cho t\u1eebng ch\u1eb7ng \u0111\u01b0\u1eddng ho\u1eb7c to\u00e0n b\u1ed9 l\u1ed9 tr\u00ecnh, gi\u00fap b\u1ea1n qu\u1ea3n l\u00fd n\u0103ng l\u01b0\u1ee3ng hi\u1ec7u qu\u1ea3 v\u00e0 tr\u00e1nh b\u1ecb &#8220;h\u1ee5t h\u01a1i&#8221;.<\/li>\n<li data-sourcepos=\"29:1-29:134\"><strong>Ph\u00e2n t\u00edch Stamina (S\u1ee9c b\u1ec1n):<\/strong> Theo d\u00f5i m\u1ee9c n\u0103ng l\u01b0\u1ee3ng c\u00f2n l\u1ea1i c\u1ee7a b\u1ea1n theo th\u1eddi gian th\u1ef1c \u0111\u1ec3 qu\u1ea3n l\u00fd n\u1ed7 l\u1ef1c trong su\u1ed1t chuy\u1ebfn \u0111i.<\/li>\n<li data-sourcepos=\"30:1-30:232\"><strong>\u0110\u1ed9ng l\u1ef1c \u0110\u1ea1p Xe (Cycling Dynamics):<\/strong> Khi k\u1ebft n\u1ed1i v\u1edbi \u0111\u1ed3ng h\u1ed3 \u0111o c\u00f4ng su\u1ea5t t\u01b0\u01a1ng th\u00edch (\u0111i k\u00e8m trong Bundle), b\u1ea1n c\u00f3 th\u1ec3 ph\u00e2n t\u00edch c\u00e1c ch\u1ec9 s\u1ed1 n\u00e2ng cao nh\u01b0 ph\u00e2n b\u1ed5 l\u1ef1c \u0111\u1ea1p ch\u00e2n tr\u00e1i\/ph\u1ea3i, th\u1eddi gian \u0111\u1ea1p \u0111\u1ee9ng\/ng\u1ed3i, v\u00e0 hi\u1ec7u qu\u1ea3 \u0111\u1ea1p.<\/li>\n<li data-sourcepos=\"31:1-32:0\"><strong>VO2 Max, Recovery Time, Training Load:<\/strong> Theo d\u00f5i c\u00e1c ch\u1ec9 s\u1ed1 sinh l\u00fd quan tr\u1ecdng \u0111\u1ec3 \u0111\u00e1nh gi\u00e1 th\u1ec3 l\u1ef1c, th\u1eddi gian ph\u1ee5c h\u1ed3i v\u00e0 m\u1ee9c \u0111\u1ed9 luy\u1ec7n t\u1eadp.<\/li>\n<\/ul>\n<h4 data-sourcepos=\"33:1-33:39\">3. B\u1ea3n \u0110\u1ed3 &amp; D\u1eabn \u0110\u01b0\u1eddng N\u00e2ng Cao<\/h4>\n<ul data-sourcepos=\"35:1-39:0\">\n<li data-sourcepos=\"35:1-35:103\"><strong>B\u1ea3n \u0111\u1ed3 xe \u0111\u1ea1p Garmin:<\/strong> T\u1ea3i s\u1eb5n b\u1ea3n \u0111\u1ed3 to\u00e0n c\u1ea7u v\u1edbi \u0111\u1ed9 ph\u1ee7 r\u1ed9ng l\u1edbn, cho ph\u00e9p b\u1ea1n kh\u00e1m ph\u00e1 m\u1ecdi n\u01a1i.<\/li>\n<li data-sourcepos=\"36:1-36:212\"><strong>\u0110\u01b0\u1eddng ph\u1ed5 bi\u1ebfn Trendline\u2122:<\/strong> D\u1ef1a tr\u00ean h\u00e0ng t\u1ef7 d\u1eb7m d\u1eef li\u1ec7u \u0111\u1ea1p xe c\u1ee7a ng\u01b0\u1eddi d\u00f9ng Garmin, t\u00ednh n\u0103ng n\u00e0y gi\u00fap b\u1ea1n t\u00ecm th\u1ea5y nh\u1eefng con \u0111\u01b0\u1eddng v\u00e0 \u0111\u01b0\u1eddng m\u00f2n ph\u1ed5 bi\u1ebfn nh\u1ea5t, tr\u00e1nh xa c\u00e1c khu v\u1ef1c c\u00f3 giao th\u00f4ng \u0111\u00f4ng \u0111\u00fac.<\/li>\n<li data-sourcepos=\"37:1-37:180\"><strong>T\u1ea1o l\u1ed9 tr\u00ecnh &amp; \u0111\u1ed3ng b\u1ed9:<\/strong> D\u1ec5 d\u00e0ng t\u1ea1o l\u1ed9 tr\u00ecnh tr\u00ean thi\u1ebft b\u1ecb, \u1ee9ng d\u1ee5ng Garmin Connect\u2122 ho\u1eb7c c\u00e1c n\u1ec1n t\u1ea3ng c\u1ee7a b\u00ean th\u1ee9 ba nh\u01b0 Strava, Komoot. \u0110\u1ed3ng b\u1ed9 kh\u00f4ng d\u00e2y \u0111\u1ebfn Edge 1040.<\/li>\n<li data-sourcepos=\"38:1-39:0\"><strong>D\u1eabn \u0111\u01b0\u1eddng t\u1eebng ch\u1eb7ng:<\/strong> Nh\u1eadn ch\u1ec9 d\u1eabn chi ti\u1ebft, d\u1ec5 hi\u1ec3u \u0111\u1ec3 b\u1ea1n lu\u00f4n \u0111i \u0111\u00fang h\u01b0\u1edbng.<\/li>\n<\/ul>\n<h4 data-sourcepos=\"40:1-40:40\">4. K\u1ebft N\u1ed1i Th\u00f4ng Minh &amp; An To\u00e0n<\/h4>\n<ul data-sourcepos=\"42:1-48:0\">\n<li data-sourcepos=\"42:1-42:138\"><strong>Th\u00f4ng b\u00e1o th\u00f4ng minh:<\/strong> Nh\u1eadn tin nh\u1eafn, email v\u00e0 c\u00e1c c\u1ea3nh b\u00e1o kh\u00e1c tr\u1ef1c ti\u1ebfp tr\u00ean thi\u1ebft b\u1ecb khi \u0111\u01b0\u1ee3c gh\u00e9p n\u1ed1i v\u1edbi \u0111i\u1ec7n tho\u1ea1i th\u00f4ng minh.<\/li>\n<li data-sourcepos=\"43:1-43:142\"><strong>Ph\u00e1t hi\u1ec7n s\u1ef1 c\u1ed1 &amp; H\u1ed7 tr\u1ee3:<\/strong> Trong tr\u01b0\u1eddng h\u1ee3p x\u1ea3y ra s\u1ef1 c\u1ed1, <a href=\"https:\/\/gpsgarmin.vn\/?product=garmin-edge-1040-bundle\">Edge 1040<\/a> c\u00f3 th\u1ec3 g\u1eedi v\u1ecb tr\u00ed c\u1ee7a b\u1ea1n \u0111\u1ebfn c\u00e1c li\u00ean h\u1ec7 kh\u1ea9n c\u1ea5p \u0111\u01b0\u1ee3c ch\u1ec9 \u0111\u1ecbnh.<\/li>\n<li data-sourcepos=\"44:1-44:163\"><strong>T\u01b0\u01a1ng th\u00edch Varia\u2122:<\/strong> K\u1ebft n\u1ed1i v\u1edbi c\u00e1c thi\u1ebft b\u1ecb \u0111\u00e8n v\u00e0 radar xe \u0111\u1ea1p Varia c\u1ee7a Garmin \u0111\u1ec3 t\u0103ng c\u01b0\u1eddng an to\u00e0n khi \u0111\u1ea1p xe, c\u1ea3nh b\u00e1o v\u1ec1 c\u00e1c ph\u01b0\u01a1ng ti\u1ec7n \u0111ang \u0111\u1ebfn g\u1ea7n.<\/li>\n<li data-sourcepos=\"45:1-45:134\"><strong>Find My Edge:<\/strong> N\u1ebfu thi\u1ebft b\u1ecb c\u1ee7a b\u1ea1n b\u1ecb m\u1ea5t ho\u1eb7c th\u1ea5t l\u1ea1c sau khi ng\u00e3, t\u00ednh n\u0103ng n\u00e0y s\u1ebd gi\u00fap b\u1ea1n x\u00e1c \u0111\u1ecbnh v\u1ecb tr\u00ed cu\u1ed1i c\u00f9ng c\u1ee7a n\u00f3.<\/li>\n<li data-sourcepos=\"46:1-46:122\"><strong>T\u01b0\u01a1ng th\u00edch Shimano Steps eBike System:<\/strong> Nh\u1eadn tr\u1ea1ng th\u00e1i pin, m\u1ee9c h\u1ed7 tr\u1ee3 v\u00e0 d\u1eef li\u1ec7u h\u00e0nh tr\u00ecnh tr\u00ean m\u00e0n h\u00ecnh c\u1ee7a b\u1ea1n.<\/li>\n<li data-sourcepos=\"47:1-48:0\"><strong>T\u01b0\u01a1ng th\u00edch thi\u1ebft b\u1ecb b\u00ean th\u1ee9 ba:<\/strong> K\u1ebft n\u1ed1i v\u1edbi c\u00e1c thi\u1ebft b\u1ecb ANT+ v\u00e0 Bluetooth\u00ae Smart kh\u00e1c nh\u01b0 \u0111\u1ed3ng h\u1ed3 \u0111o c\u00f4ng su\u1ea5t, c\u1ea3m bi\u1ebfn nh\u1ecbp tim, trainer th\u00f4ng minh.<\/li>\n<\/ul>\n<h4 data-sourcepos=\"49:1-49:37\">5. Thi\u1ebft K\u1ebf &amp; Th\u1eddi L\u01b0\u1ee3ng Pin<\/h4>\n<ul data-sourcepos=\"51:1-54:0\">\n<li data-sourcepos=\"51:1-51:82\"><strong>M\u00e0n h\u00ecnh m\u00e0u 3.5 inch:<\/strong> Hi\u1ec3n th\u1ecb r\u00f5 r\u00e0ng, d\u1ec5 \u0111\u1ecdc d\u01b0\u1edbi m\u1ecdi \u0111i\u1ec1u ki\u1ec7n \u00e1nh s\u00e1ng.<\/li>\n<li data-sourcepos=\"52:1-52:79\"><strong>Giao di\u1ec7n ng\u01b0\u1eddi d\u00f9ng c\u1ea3i ti\u1ebfn:<\/strong> D\u1ec5 d\u00e0ng truy c\u1eadp c\u00e1c t\u00ednh n\u0103ng v\u00e0 c\u00e0i \u0111\u1eb7t.<\/li>\n<li data-sourcepos=\"53:1-54:0\"><strong>Th\u1eddi l\u01b0\u1ee3ng pin v\u01b0\u1ee3t tr\u1ed9i:<\/strong> L\u00ean \u0111\u1ebfn <strong>35 gi\u1edd<\/strong> \u1edf ch\u1ebf \u0111\u1ed9 GPS v\u00e0 c\u00f3 th\u1ec3 m\u1edf r\u1ed9ng l\u00ean \u0111\u1ebfn <strong>70 gi\u1edd<\/strong> \u1edf ch\u1ebf \u0111\u1ed9 ti\u1ebft ki\u1ec7m pin. Th\u00eam v\u00e0o \u0111\u00f3, kh\u1ea3 n\u0103ng s\u1ea1c qua pin ngo\u00e0i Garmin Charge\u2122 Power Pack (b\u00e1n ri\u00eang) cho ph\u00e9p b\u1ea1n k\u00e9o d\u00e0i th\u1eddi gian s\u1eed d\u1ee5ng kh\u00f4ng gi\u1edbi h\u1ea1n.<\/li>\n<\/ul>\n<div class=\"app__img-banner app__life-style__img-con\"><img decoding=\"async\" class=\"app__img-banner__img app__img-banner__img--desktop\" src=\"https:\/\/res.garmin.com\/en\/products\/010-02503-20\/g\/44085-S-D-3-2a7c343e-c087-4081-8ae1-65495b09f3d3.jpg\" alt=\"\" \/><\/div>\n","protected":false},"excerpt":{"rendered":"<p><strong>\u2282\u2329 B\u1ea2O H\u00c0NH CH\u00cdNH H\u00c3NG 2 N\u0102M \u232a\u2283<\/strong><\/p>\n<p><strong>\u260e Li\u00ean h\u1ec7 t\u01b0 v\u1ea5n : 0972 658 351 \u2013\u00a0 0962 846 820 (g\u1ecdi tr\u1ef1c ti\u1ebfp ho\u1eb7c Zalo).<\/strong><\/p>\n","protected":false},"featured_media":3504,"comment_status":"open","ping_status":"closed","template":"","meta":[],"product_cat":[37],"product_tag":[],"class_list":{"0":"post-3499","1":"product","2":"type-product","3":"status-publish","4":"has-post-thumbnail","6":"product_cat-gps-dan-duong-xe-dap","8":"first","9":"instock","10":"sale","11":"featured","12":"shipping-taxable","13":"purchasable","14":"product-type-simple"},"_links":{"self":[{"href":"https:\/\/gpsgarmin.vn\/index.php?rest_route=\/wp\/v2\/product\/3499","targetHints":{"allow":["GET"]}}],"collection":[{"href":"https:\/\/gpsgarmin.vn\/index.php?rest_route=\/wp\/v2\/product"}],"about":[{"href":"https:\/\/gpsgarmin.vn\/index.php?rest_route=\/wp\/v2\/types\/product"}],"replies":[{"embeddable":true,"href":"https:\/\/gpsgarmin.vn\/index.php?rest_route=%2Fwp%2Fv2%2Fcomments&post=3499"}],"version-history":[{"count":4,"href":"https:\/\/gpsgarmin.vn\/index.php?rest_route=\/wp\/v2\/product\/3499\/revisions"}],"predecessor-version":[{"id":4793,"href":"https:\/\/gpsgarmin.vn\/index.php?rest_route=\/wp\/v2\/product\/3499\/revisions\/4793"}],"wp:featuredmedia":[{"embeddable":true,"href":"https:\/\/gpsgarmin.vn\/index.php?rest_route=\/wp\/v2\/media\/3504"}],"wp:attachment":[{"href":"https:\/\/gpsgarmin.vn\/index.php?rest_route=%2Fwp%2Fv2%2Fmedia&parent=3499"}],"wp:term":[{"taxonomy":"product_cat","embeddable":true,"href":"https:\/\/gpsgarmin.vn\/index.php?rest_route=%2Fwp%2Fv2%2Fproduct_cat&post=3499"},{"taxonomy":"product_tag","embeddable":true,"href":"https:\/\/gpsgarmin.vn\/index.php?rest_route=%2Fwp%2Fv2%2Fproduct_tag&post=3499"}],"curies":[{"name":"wp","href":"https:\/\/api.w.org\/{rel}","templated":true}]}}