{"id":3455,"date":"2025-06-09T15:44:17","date_gmt":"2025-06-09T08:44:17","guid":{"rendered":"http:\/\/demo.garminvietnam.vn\/?post_type=product&#038;p=3455"},"modified":"2025-09-15T10:14:49","modified_gmt":"2025-09-15T03:14:49","slug":"garmin-etrex-se","status":"publish","type":"product","link":"https:\/\/gpsgarmin.vn\/?product=garmin-etrex-se","title":{"rendered":"Garmin eTrex SE"},"content":{"rendered":"<h2 data-sourcepos=\"5:1-5:77\"><strong>Garmin <a href=\"https:\/\/gpsgarmin.vn\/?product=garmin-etrex-se\">eTrex SE<\/a> \u2013 Ng\u01b0\u1eddi b\u1ea1n \u0111\u1ed3ng h\u00e0nh \u0111\u00e1ng tin c\u1eady tr\u00ean m\u1ecdi h\u00e0nh tr\u00ecnh<\/strong><\/h2>\n<p data-sourcepos=\"7:1-7:419\">B\u1ea1n \u0111am m\u00ea kh\u00e1m ph\u00e1 thi\u00ean nhi\u00ean, y\u00eau th\u00edch nh\u1eefng cung \u0111\u01b0\u1eddng trekking hay \u0111\u01a1n gi\u1ea3n l\u00e0 c\u1ea7n m\u1ed9t thi\u1ebft b\u1ecb \u0111\u1ecbnh v\u1ecb b\u1ec1n b\u1ec9 v\u00e0 ch\u00ednh x\u00e1c cho nh\u1eefng cu\u1ed9c phi\u00eau l\u01b0u c\u1ee7a m\u00ecnh? <strong>Garmin <a href=\"https:\/\/gpsgarmin.vn\/?product=garmin-etrex-se\">eTrex SE<\/a><\/strong> ch\u00ednh l\u00e0 l\u1ef1a ch\u1ecdn ho\u00e0n h\u1ea3o d\u00e0nh cho b\u1ea1n. K\u1ebf th\u1eeba di s\u1ea3n t\u1eeb d\u00f2ng eTrex l\u1eebng danh, <a href=\"https:\/\/gpsgarmin.vn\/?product=garmin-etrex-se\">eTrex SE<\/a> mang \u0111\u1ebfn s\u1ef1 k\u1ebft h\u1ee3p ho\u00e0n h\u1ea3o gi\u1eefa \u0111\u1ed9 b\u1ec1n b\u1ec9, th\u1eddi l\u01b0\u1ee3ng pin v\u01b0\u1ee3t tr\u1ed9i v\u00e0 c\u00e1c t\u00ednh n\u0103ng \u0111\u1ecbnh v\u1ecb hi\u1ec7n \u0111\u1ea1i, gi\u00fap b\u1ea1n t\u1ef1 tin kh\u00e1m ph\u00e1 m\u1ecdi n\u1ebbo \u0111\u01b0\u1eddng.<\/p>\n<div class=\"app__img-banner app__life-style__img-con\"><img decoding=\"async\" class=\"app__img-banner__img app__img-banner__img--desktop\" src=\"https:\/\/res.garmin.com\/en\/products\/010-02734-00\/g\/51520-D-1-Find-more-fun.jpg\" alt=\"\" \/><\/div>\n<h3 data-sourcepos=\"11:1-11:30\"><strong>C\u00e1c t\u00ednh n\u0103ng n\u1ed5i b\u1eadt:<\/strong><\/h3>\n<ul data-sourcepos=\"13:1-26:0\">\n<li data-sourcepos=\"13:1-14:0\">\n<p data-sourcepos=\"13:3-13:387\"><strong>Th\u1eddi l\u01b0\u1ee3ng pin c\u1ef1c kh\u1ee7ng:<\/strong> M\u1ed9t trong nh\u1eefng \u0111i\u1ec3m s\u00e1ng nh\u1ea5t c\u1ee7a <a href=\"https:\/\/gpsgarmin.vn\/?product=garmin-etrex-se\">eTrex SE<\/a> l\u00e0 th\u1eddi l\u01b0\u1ee3ng pin \u0111\u00e1ng kinh ng\u1ea1c. V\u1edbi <strong>pin 2AA<\/strong>, thi\u1ebft b\u1ecb c\u00f3 th\u1ec3 ho\u1ea1t \u0111\u1ed9ng li\u00ean t\u1ee5c l\u00ean \u0111\u1ebfn <strong>168 gi\u1edd (7 ng\u00e0y)<\/strong> \u1edf ch\u1ebf \u0111\u1ed9 GPS ti\u00eau chu\u1ea9n ho\u1eb7c <strong>1800 gi\u1edd (75 ng\u00e0y)<\/strong> \u1edf ch\u1ebf \u0111\u1ed9 kh\u00e1m ph\u00e1 (Expedition Mode). \u0110i\u1ec1u n\u00e0y \u0111\u1ed3ng ngh\u0129a v\u1edbi vi\u1ec7c b\u1ea1n c\u00f3 th\u1ec3 th\u1ecfa s\u1ee9c phi\u00eau l\u01b0u m\u00e0 kh\u00f4ng c\u1ea7n lo l\u1eafng v\u1ec1 vi\u1ec7c h\u1ebft pin gi\u1eefa ch\u1eebng.<\/p>\n<\/li>\n<li data-sourcepos=\"15:1-16:0\">\n<p data-sourcepos=\"15:3-15:332\"><strong>\u0110\u1ecbnh v\u1ecb \u0111a v\u1ec7 tinh ch\u00ednh x\u00e1c:<\/strong> <a href=\"https:\/\/gpsgarmin.vn\/?product=garmin-etrex-se\">eTrex SE<\/a> h\u1ed7 tr\u1ee3 \u0111\u1ecbnh v\u1ecb \u0111a v\u1ec7 tinh bao g\u1ed3m <strong>GPS, GLONASS, Galileo v\u00e0 BeiDou<\/strong>. Vi\u1ec7c s\u1eed d\u1ee5ng nhi\u1ec1u h\u1ec7 th\u1ed1ng v\u1ec7 tinh gi\u00fap c\u1ea3i thi\u1ec7n \u0111\u1ed9 ch\u00ednh x\u00e1c v\u00e0 t\u1ed1c \u0111\u1ed9 \u0111\u1ecbnh v\u1ecb, \u0111\u1eb7c bi\u1ec7t \u1edf nh\u1eefng khu v\u1ef1c \u0111\u1ecba h\u00ecnh hi\u1ec3m tr\u1edf ho\u1eb7c c\u00f3 nhi\u1ec1u v\u1eadt c\u1ea3n. B\u1ea1n s\u1ebd lu\u00f4n bi\u1ebft m\u00ecnh \u0111ang \u1edf \u0111\u00e2u m\u1ed9t c\u00e1ch nhanh ch\u00f3ng v\u00e0 ch\u00ednh x\u00e1c.<\/p>\n<\/li>\n<li data-sourcepos=\"17:1-18:0\">\n<p data-sourcepos=\"17:3-17:352\"><strong>K\u1ebft n\u1ed1i kh\u00f4ng d\u00e2y thu\u1eadn ti\u1ec7n:<\/strong> V\u1edbi kh\u1ea3 n\u0103ng k\u1ebft n\u1ed1i kh\u00f4ng d\u00e2y qua <strong>Bluetooth\u00ae<\/strong>, <a href=\"https:\/\/gpsgarmin.vn\/?product=garmin-etrex-se\">eTrex SE<\/a> cho ph\u00e9p b\u1ea1n d\u1ec5 d\u00e0ng gh\u00e9p n\u1ed1i v\u1edbi \u0111i\u1ec7n tho\u1ea1i th\u00f4ng minh \u0111\u1ec3 s\u1eed d\u1ee5ng \u1ee9ng d\u1ee5ng <strong>Garmin Explore\u2122<\/strong>. Th\u00f4ng qua \u1ee9ng d\u1ee5ng n\u00e0y, b\u1ea1n c\u00f3 th\u1ec3 truy c\u1eadp c\u00e1c b\u1ea3n \u0111\u1ed3 b\u1ed5 sung, l\u1eadp k\u1ebf ho\u1ea1ch l\u1ed9 tr\u00ecnh, qu\u1ea3n l\u00fd \u0111i\u1ec3m tham chi\u1ebfu v\u00e0 theo d\u00f5i chuy\u1ebfn \u0111i c\u1ee7a m\u00ecnh m\u1ed9t c\u00e1ch d\u1ec5 d\u00e0ng.<\/p>\n<\/li>\n<li data-sourcepos=\"19:1-20:0\">\n<p data-sourcepos=\"19:3-19:270\"><strong>La b\u00e0n k\u1ef9 thu\u1eadt s\u1ed1:<\/strong> \u0110\u01b0\u1ee3c t\u00edch h\u1ee3p <strong>la b\u00e0n k\u1ef9 thu\u1eadt s\u1ed1<\/strong>, <a href=\"https:\/\/gpsgarmin.vn\/?product=garmin-etrex-se\">eTrex SE<\/a> cung c\u1ea5p h\u01b0\u1edbng \u0111i ch\u00ednh x\u00e1c ngay c\u1ea3 khi b\u1ea1n kh\u00f4ng di chuy\u1ec3n. T\u00ednh n\u0103ng n\u00e0y c\u1ef1c k\u1ef3 h\u1eefu \u00edch khi b\u1ea1n c\u1ea7n x\u00e1c \u0111\u1ecbnh ph\u01b0\u01a1ng h\u01b0\u1edbng trong r\u1eebng r\u1eadm, s\u01b0\u01a1ng m\u00f9 ho\u1eb7c nh\u1eefng n\u01a1i kh\u00f4ng c\u00f3 \u0111i\u1ec3m \u0111\u1ecbnh h\u01b0\u1edbng r\u00f5 r\u00e0ng.<\/p>\n<\/li>\n<li data-sourcepos=\"21:1-22:0\">\n<p data-sourcepos=\"21:3-21:406\"><strong>Thi\u1ebft k\u1ebf b\u1ec1n b\u1ec9, ch\u1ed1ng ch\u1ecbu th\u1eddi ti\u1ebft:<\/strong> \u0110\u00fang nh\u01b0 truy\u1ec1n th\u1ed1ng c\u1ee7a d\u00f2ng eTrex, <a href=\"https:\/\/gpsgarmin.vn\/?product=garmin-etrex-se\">eTrex SE<\/a> \u0111\u01b0\u1ee3c thi\u1ebft k\u1ebf \u0111\u1ec3 ch\u1ecbu \u0111\u01b0\u1ee3c nh\u1eefng \u0111i\u1ec1u ki\u1ec7n kh\u1eafc nghi\u1ec7t nh\u1ea5t. V\u1edbi chu\u1ea9n <strong>ch\u1ed1ng n\u01b0\u1edbc IPX7<\/strong>, thi\u1ebft b\u1ecb c\u00f3 th\u1ec3 ch\u1ecbu \u0111\u01b0\u1ee3c vi\u1ec7c ng\u00e2m n\u01b0\u1edbc \u1edf \u0111\u1ed9 s\u00e2u 1 m\u00e9t trong 30 ph\u00fat, \u0111\u1ea3m b\u1ea3o ho\u1ea1t \u0111\u1ed9ng t\u1ed1t d\u01b0\u1edbi m\u01b0a l\u1edbn ho\u1eb7c v\u00f4 t\u00ecnh r\u01a1i xu\u1ed1ng n\u01b0\u1edbc. V\u1ecf ngo\u00e0i ch\u1eafc ch\u1eafn gi\u00fap ch\u1ed1ng va \u0111\u1eadp, tr\u1ea7y x\u01b0\u1edbc, l\u00fd t\u01b0\u1edfng cho m\u1ecdi ho\u1ea1t \u0111\u1ed9ng ngo\u00e0i tr\u1eddi.<\/p>\n<\/li>\n<li data-sourcepos=\"23:1-24:0\">\n<p data-sourcepos=\"23:3-23:259\"><strong>M\u00e0n h\u00ecnh \u0111\u1ed9 ph\u00e2n gi\u1ea3i cao:<\/strong> M\u00e0n h\u00ecnh \u0111\u1ed9 ph\u00e2n gi\u1ea3i cao gi\u00fap hi\u1ec3n th\u1ecb th\u00f4ng tin r\u00f5 r\u00e0ng, d\u1ec5 \u0111\u1ecdc d\u01b0\u1edbi m\u1ecdi \u0111i\u1ec1u ki\u1ec7n \u00e1nh s\u00e1ng, t\u1eeb \u00e1nh n\u1eafng m\u1eb7t tr\u1eddi ch\u00f3i chang \u0111\u1ebfn tr\u1eddi t\u1ed1i. Giao di\u1ec7n ng\u01b0\u1eddi d\u00f9ng tr\u1ef1c quan gi\u00fap b\u1ea1n d\u1ec5 d\u00e0ng \u0111i\u1ec1u h\u01b0\u1edbng v\u00e0 truy c\u1eadp c\u00e1c t\u00ednh n\u0103ng.<\/p>\n<\/li>\n<li data-sourcepos=\"25:1-26:0\">\n<p data-sourcepos=\"25:3-25:262\"><strong>T\u00ecm ki\u1ebfm kho b\u00e1u \u0111\u1ecba l\u00fd (Geocaching):<\/strong> <a href=\"https:\/\/gpsgarmin.vn\/?product=garmin-etrex-se\">eTrex SE<\/a> t\u01b0\u01a1ng th\u00edch v\u1edbi t\u00ednh n\u0103ng t\u00ecm ki\u1ebfm kho b\u00e1u \u0111\u1ecba l\u00fd kh\u00f4ng c\u1ea7n gi\u1ea5y (paperless geocaching). B\u1ea1n c\u00f3 th\u1ec3 t\u1ea3i c\u00e1c t\u1ec7p GPX tr\u1ef1c ti\u1ebfp v\u00e0o thi\u1ebft b\u1ecb v\u00e0 b\u1eaft \u0111\u1ea7u cu\u1ed9c s\u0103n t\u00ecm kho b\u00e1u m\u00e0 kh\u00f4ng c\u1ea7n in ra b\u1ea3n \u0111\u1ed3 hay ghi ch\u00fa.<\/p>\n<\/li>\n<\/ul>\n","protected":false},"excerpt":{"rendered":"<p><strong>\u2282\u2329 B\u1ea2O H\u00c0NH CH\u00cdNH H\u00c3NG 2 N\u0102M \u232a\u2283<\/strong><\/p>\n<p><strong>\u260e Li\u00ean h\u1ec7 t\u01b0 v\u1ea5n : 0972 658 351 \u2013\u00a0 0962 846 820 (g\u1ecdi tr\u1ef1c ti\u1ebfp ho\u1eb7c Zalo).<\/strong><strong> <em>Nh\u1eadn gi\u00e1 \u01b0u \u0111\u00e3i khi mua s\u1ed1 l\u01b0\u1ee3ng nhi\u1ec1u.<\/em><\/strong><\/p>\n<p><strong>\u2666 H\u1ed7 tr\u1ee3 k\u1ef9 thu\u1eadt t\u1eadn t\u00ecnh v\u00e0 \u0111\u00fang chuy\u00ean m\u00f4n, \u0111\u1ed3ng th\u1eddi h\u1ed7 tr\u1ee3 \u0111\u1ea7y \u0111\u1ee7 ch\u1ee9ng t\u1eeb c\u1ea7n thi\u1ebft cho kh\u00e1ch c\u00f3 nhu c\u1ea7u\u00a0l\u00e0m d\u1ef1 \u00e1n.<\/strong><\/p>\n","protected":false},"featured_media":3459,"comment_status":"open","ping_status":"closed","template":"","meta":[],"product_cat":[27],"product_tag":[],"class_list":{"0":"post-3455","1":"product","2":"type-product","3":"status-publish","4":"has-post-thumbnail","6":"product_cat-gps-cam-tay","8":"first","9":"instock","10":"sale","11":"shipping-taxable","12":"purchasable","13":"product-type-simple"},"_links":{"self":[{"href":"https:\/\/gpsgarmin.vn\/index.php?rest_route=\/wp\/v2\/product\/3455","targetHints":{"allow":["GET"]}}],"collection":[{"href":"https:\/\/gpsgarmin.vn\/index.php?rest_route=\/wp\/v2\/product"}],"about":[{"href":"https:\/\/gpsgarmin.vn\/index.php?rest_route=\/wp\/v2\/types\/product"}],"replies":[{"embeddable":true,"href":"https:\/\/gpsgarmin.vn\/index.php?rest_route=%2Fwp%2Fv2%2Fcomments&post=3455"}],"version-history":[{"count":4,"href":"https:\/\/gpsgarmin.vn\/index.php?rest_route=\/wp\/v2\/product\/3455\/revisions"}],"predecessor-version":[{"id":5022,"href":"https:\/\/gpsgarmin.vn\/index.php?rest_route=\/wp\/v2\/product\/3455\/revisions\/5022"}],"wp:featuredmedia":[{"embeddable":true,"href":"https:\/\/gpsgarmin.vn\/index.php?rest_route=\/wp\/v2\/media\/3459"}],"wp:attachment":[{"href":"https:\/\/gpsgarmin.vn\/index.php?rest_route=%2Fwp%2Fv2%2Fmedia&parent=3455"}],"wp:term":[{"taxonomy":"product_cat","embeddable":true,"href":"https:\/\/gpsgarmin.vn\/index.php?rest_route=%2Fwp%2Fv2%2Fproduct_cat&post=3455"},{"taxonomy":"product_tag","embeddable":true,"href":"https:\/\/gpsgarmin.vn\/index.php?rest_route=%2Fwp%2Fv2%2Fproduct_tag&post=3455"}],"curies":[{"name":"wp","href":"https:\/\/api.w.org\/{rel}","templated":true}]}}